Last updated on 2023-02-01 07:53:05 CET.
Flavor | Version | Tinstall | Tcheck | Ttotal | Status | Flags |
---|---|---|---|---|---|---|
r-devel-linux-x86_64-debian-clang | 1.0.1 | 6.55 | 46.67 | 53.22 | NOTE | |
r-devel-linux-x86_64-debian-gcc | 1.0.1 | 4.74 | 35.40 | 40.14 | NOTE | |
r-devel-linux-x86_64-fedora-clang | 1.0.1 | 69.88 | NOTE | |||
r-devel-linux-x86_64-fedora-gcc | 1.0.1 | 74.89 | NOTE | |||
r-devel-windows-x86_64 | 1.0.1 | 27.00 | 84.00 | 111.00 | NOTE | |
r-patched-linux-x86_64 | 1.0.1 | 6.11 | 49.67 | 55.78 | NOTE | |
r-release-linux-x86_64 | 1.0.1 | 5.46 | 49.76 | 55.22 | NOTE | |
r-release-macos-arm64 | 1.0.1 | 24.00 | NOTE | |||
r-release-macos-x86_64 | 1.0.1 | 45.00 | NOTE | |||
r-release-windows-x86_64 | 1.0.1 | 26.00 | 84.00 | 110.00 | NOTE | |
r-oldrel-macos-arm64 | 1.0.1 | 27.00 | NOTE | |||
r-oldrel-macos-x86_64 | 1.0.1 | 34.00 | NOTE | |||
r-oldrel-windows-ix86+x86_64 | 1.0.1 | 15.00 | 73.00 | 88.00 | NOTE |
Version: 1.0.1
Check: LazyData
Result: NOTE
'LazyData' is specified without a 'data' directory
Flavors: r-devel-linux-x86_64-debian-clang, r-devel-linux-x86_64-debian-gcc, r-devel-linux-x86_64-fedora-clang, r-devel-linux-x86_64-fedora-gcc, r-devel-windows-x86_64, r-patched-linux-x86_64, r-release-linux-x86_64, r-release-macos-arm64, r-release-macos-x86_64, r-release-windows-x86_64, r-oldrel-macos-arm64, r-oldrel-macos-x86_64, r-oldrel-windows-ix86+x86_64
Version: 1.0.1
Check: dependencies in R code
Result: NOTE
Namespaces in Imports field not imported from:
‘ggplot2’ ‘pracma’ ‘rlang’
All declared Imports should be used.
Flavors: r-devel-linux-x86_64-fedora-clang, r-devel-linux-x86_64-fedora-gcc, r-release-macos-arm64, r-release-macos-x86_64, r-oldrel-macos-arm64, r-oldrel-macos-x86_64