CRAN Package Check Results for Package gen2stage

Last updated on 2021-10-24 08:51:54 CEST.

Flavor Version Tinstall Tcheck Ttotal Status Flags
r-devel-linux-x86_64-debian-clang 1.0 1.95 24.46 26.41 NOTE
r-devel-linux-x86_64-debian-gcc 1.0 1.62 19.54 21.16 NOTE
r-devel-linux-x86_64-fedora-clang 1.0 43.70 NOTE
r-devel-linux-x86_64-fedora-gcc 1.0 33.85 NOTE
r-devel-windows-x86_64 1.0 4.00 33.00 37.00 NOTE
r-devel-windows-x86_64-gcc10-UCRT 1.0 NOTE
r-patched-linux-x86_64 1.0 2.20 24.23 26.43 NOTE
r-patched-solaris-x86 1.0 51.20 NOTE
r-release-linux-x86_64 1.0 2.08 23.99 26.07 NOTE
r-release-macos-arm64 1.0 NOTE
r-release-macos-x86_64 1.0 NOTE
r-release-windows-ix86+x86_64 1.0 4.00 41.00 45.00 NOTE
r-oldrel-macos-x86_64 1.0 OK
r-oldrel-windows-ix86+x86_64 1.0 6.00 42.00 48.00 OK

Check Details

Version: 1.0
Check: LazyData
Result: NOTE
     'LazyData' is specified without a 'data' directory
Flavors: r-devel-linux-x86_64-debian-clang, r-devel-linux-x86_64-debian-gcc, r-devel-linux-x86_64-fedora-clang, r-devel-linux-x86_64-fedora-gcc, r-devel-windows-x86_64, r-devel-windows-x86_64-gcc10-UCRT, r-patched-linux-x86_64, r-patched-solaris-x86, r-release-linux-x86_64, r-release-macos-arm64, r-release-macos-x86_64, r-release-windows-ix86+x86_64