CRAN Package Check Results for Package geex

Last updated on 2024-03-03 19:56:23 CET.

Flavor Version Tinstall Tcheck Ttotal Status Flags
r-devel-linux-x86_64-debian-clang 1.1.1 5.86 344.85 350.71 NOTE
r-devel-linux-x86_64-debian-gcc 1.1.1 4.43 247.31 251.74 NOTE
r-devel-linux-x86_64-fedora-clang 1.1.1 414.67 NOTE
r-devel-linux-x86_64-fedora-gcc 1.1.1 415.59 NOTE
r-devel-windows-x86_64 1.1.1 6.00 246.00 252.00 OK
r-patched-linux-x86_64 1.1.1 4.97 326.77 331.74 OK
r-release-linux-x86_64 1.1.1 5.28 331.76 337.04 OK
r-release-macos-arm64 1.1.1 116.00 OK
r-release-macos-x86_64 1.1.1 201.00 OK
r-release-windows-x86_64 1.1.1 8.00 333.00 341.00 OK
r-oldrel-macos-arm64 1.1.1 86.00 NOTE
r-oldrel-windows-x86_64 1.1.1 9.00 325.00 334.00 OK

Check Details

Version: 1.1.1
Check: Rd files
Result: NOTE checkRd: (-1) geexex.Rd:10: Lost braces in \itemize; meant \describe ? checkRd: (-1) geexex.Rd:11: Lost braces in \itemize; meant \describe ? checkRd: (-1) geexex.Rd:12: Lost braces in \itemize; meant \describe ? checkRd: (-1) geexex.Rd:13: Lost braces in \itemize; meant \describe ? checkRd: (-1) geexex.Rd:14: Lost braces in \itemize; meant \describe ? checkRd: (-1) geexex.Rd:15: Lost braces in \itemize; meant \describe ? checkRd: (-1) geexex.Rd:16: Lost braces in \itemize; meant \describe ? checkRd: (-1) geexex.Rd:17: Lost braces in \itemize; meant \describe ? checkRd: (-1) geexex.Rd:18: Lost braces in \itemize; meant \describe ? Flavors: r-devel-linux-x86_64-debian-clang, r-devel-linux-x86_64-debian-gcc, r-devel-linux-x86_64-fedora-clang, r-devel-linux-x86_64-fedora-gcc

Version: 1.1.1
Check: dependencies in R code
Result: NOTE Namespace in Imports field not imported from: ‘rootSolve’ All declared Imports should be used. Flavors: r-devel-linux-x86_64-fedora-clang, r-devel-linux-x86_64-fedora-gcc, r-oldrel-macos-arm64