CRAN Package Check Results for Package gee

Last updated on 2022-01-23 19:48:30 CET.

Flavor Version Tinstall Tcheck Ttotal Status Flags
r-devel-linux-x86_64-debian-clang 4.13-20 10.18 32.33 42.51 NOTE
r-devel-linux-x86_64-debian-gcc 4.13-20 3.07 27.21 30.28 NOTE
r-devel-linux-x86_64-fedora-clang 4.13-20 56.90 NOTE
r-devel-linux-x86_64-fedora-gcc 4.13-20 35.25 NOTE
r-devel-windows-x86_64-new-UL 4.13-20 26.00 53.00 79.00 OK
r-devel-windows-x86_64-new-TK 4.13-20 OK
r-patched-linux-x86_64 4.13-20 3.81 31.77 35.58 NOTE
r-release-linux-x86_64 4.13-20 3.41 31.76 35.17 NOTE
r-release-macos-arm64 4.13-20 OK
r-release-macos-x86_64 4.13-20 OK
r-release-windows-ix86+x86_64 4.13-20 11.00 51.00 62.00 OK
r-oldrel-macos-x86_64 4.13-20 OK
r-oldrel-windows-ix86+x86_64 4.13-20 11.00 49.00 60.00 OK

Check Details

Version: 4.13-20
Check: top-level files
Result: NOTE
    Non-standard files/directories found at top level:
     'README.too' 'blurb'
Flavors: r-devel-linux-x86_64-debian-clang, r-devel-linux-x86_64-debian-gcc, r-devel-linux-x86_64-fedora-clang, r-devel-linux-x86_64-fedora-gcc, r-patched-linux-x86_64, r-release-linux-x86_64