CRAN Package Check Results for Package gdalraster

Last updated on 2024-02-24 07:51:24 CET.

Flavor Version Tinstall Tcheck Ttotal Status Flags
r-devel-linux-x86_64-debian-clang 1.8.0 145.94 115.69 261.63 OK
r-devel-linux-x86_64-debian-gcc 1.8.0 108.45 90.23 198.68 OK
r-devel-linux-x86_64-fedora-clang 1.8.0 360.72 OK
r-devel-linux-x86_64-fedora-gcc 1.8.0 386.13 OK
r-devel-windows-x86_64 1.8.0 132.00 687.00 819.00 NOTE
r-patched-linux-x86_64 1.8.0 139.70 118.24 257.94 OK
r-release-linux-x86_64 1.8.0 140.47 114.80 255.27 OK
r-release-macos-arm64 1.8.0 166.00 NOTE
r-release-macos-x86_64 1.8.0 418.00 NOTE
r-release-windows-x86_64 1.8.0 166.00 806.00 972.00 NOTE
r-oldrel-macos-arm64 1.8.0 159.00 NOTE
r-oldrel-windows-x86_64 1.8.0 183.00 631.00 814.00 NOTE

Check Details

Version: 1.8.0
Check: installed package size
Result: NOTE installed size is 102.9Mb sub-directories of 1Mb or more: gdal 3.0Mb libs 89.2Mb proj 8.4Mb Flavors: r-devel-windows-x86_64, r-release-macos-arm64, r-release-macos-x86_64, r-release-windows-x86_64, r-oldrel-macos-arm64, r-oldrel-windows-x86_64