CRAN Package Check Results for Package gdalcubes

Last updated on 2021-12-03 19:50:11 CET.

Flavor Version Tinstall Tcheck Ttotal Status Flags
r-devel-linux-x86_64-debian-clang 0.5.0 411.32 70.70 482.02 OK
r-devel-linux-x86_64-debian-gcc 0.5.0 373.68 53.76 427.44 OK
r-devel-linux-x86_64-fedora-clang 0.5.0 688.62 NOTE
r-devel-linux-x86_64-fedora-gcc 0.5.1 833.99 OK
r-devel-windows-x86_64-new-UL 0.5.1 538.00 520.00 1058.00 NOTE
r-devel-windows-x86_64-new-TK 0.5.0 OK
r-devel-windows-x86_64-old 0.5.0 489.00 186.00 675.00 NOTE
r-patched-linux-x86_64 0.5.0 433.17 67.27 500.44 OK
r-release-linux-x86_64 0.5.0 436.38 67.59 503.97 OK
r-release-macos-arm64 0.5.0 NOTE
r-release-macos-x86_64 0.5.0 NOTE
r-release-windows-ix86+x86_64 0.5.1 695.00 460.00 1155.00 NOTE
r-oldrel-macos-x86_64 0.5.0 NOTE
r-oldrel-windows-ix86+x86_64 0.5.0 806.00 496.00 1302.00 NOTE

Check Details

Version: 0.5.0
Check: installed package size
Result: NOTE
     installed size is 37.8Mb
     sub-directories of 1Mb or more:
     L8NY18 2.3Mb
     doc 1.0Mb
     libs 33.5Mb
Flavors: r-devel-linux-x86_64-fedora-clang, r-devel-windows-x86_64-old, r-release-macos-arm64, r-release-macos-x86_64, r-oldrel-macos-x86_64, r-oldrel-windows-ix86+x86_64

Version: 0.5.0
Check: Rd cross-references
Result: NOTE
    Undeclared package ‘raster’ in Rd xrefs
Flavor: r-devel-linux-x86_64-fedora-clang

Version: 0.5.1
Check: installed package size
Result: NOTE
     installed size is 61.8Mb
     sub-directories of 1Mb or more:
     L8NY18 2.3Mb
     gdal 2.1Mb
     libs 46.8Mb
     proj 8.7Mb
Flavors: r-devel-windows-x86_64-new-UL, r-release-windows-ix86+x86_64