CRAN Package Check Results for Package gcKrig

Last updated on 2024-02-21 19:53:15 CET.

Flavor Version Tinstall Tcheck Ttotal Status Flags
r-devel-linux-x86_64-debian-clang 1.1.8 OK
r-devel-linux-x86_64-debian-gcc 1.1.8 42.28 40.86 83.14 OK
r-devel-linux-x86_64-fedora-clang 1.1.8 150.13 NOTE
r-devel-linux-x86_64-fedora-gcc 1.1.8 154.41 OK
r-devel-windows-x86_64 1.1.8 44.00 81.00 125.00 OK
r-patched-linux-x86_64 1.1.8 59.67 51.37 111.04 OK
r-release-linux-x86_64 1.1.8 54.59 51.93 106.52 OK
r-release-macos-arm64 1.1.8 37.00 OK
r-release-macos-x86_64 1.1.8 65.00 OK
r-release-windows-x86_64 1.1.8 56.00 90.00 146.00 OK
r-oldrel-macos-arm64 1.1.8 39.00 OK
r-oldrel-windows-x86_64 1.1.8 54.00 88.00 142.00 OK

Check Details

Version: 1.1.8
Check: Rd cross-references
Result: NOTE Undeclared package ‘gcmr’ in Rd xrefs Flavor: r-devel-linux-x86_64-fedora-clang