CRAN Package Check Results for Package gbmt

Last updated on 2024-03-04 07:48:28 CET.

Flavor Version Tinstall Tcheck Ttotal Status Flags
r-devel-linux-x86_64-debian-clang 0.1.3 8.39 111.36 119.75 NOTE
r-devel-linux-x86_64-debian-gcc 0.1.3 6.40 81.34 87.74 NOTE
r-devel-linux-x86_64-fedora-clang 0.1.3 123.16 NOTE
r-devel-linux-x86_64-fedora-gcc 0.1.3 146.90 NOTE
r-devel-windows-x86_64 0.1.3 9.00 95.00 104.00 NOTE
r-patched-linux-x86_64 0.1.3 9.69 90.45 100.14 OK
r-release-linux-x86_64 0.1.3 10.29 91.96 102.25 OK
r-release-macos-arm64 0.1.3 36.00 OK
r-release-macos-x86_64 0.1.3 64.00 OK
r-release-windows-x86_64 0.1.3 11.00 126.00 137.00 OK
r-oldrel-macos-arm64 0.1.3 38.00 OK
r-oldrel-windows-x86_64 0.1.3 11.00 102.00 113.00 OK

Check Details

Version: 0.1.3
Check: Rd files
Result: NOTE checkRd: (-1) gbmt-package.Rd:19: Lost braces in \itemize; meant \describe ? checkRd: (-1) gbmt-package.Rd:20: Lost braces in \itemize; meant \describe ? checkRd: (-1) gbmt-package.Rd:21: Lost braces in \itemize; meant \describe ? checkRd: (-1) gbmt-package.Rd:22: Lost braces in \itemize; meant \describe ? checkRd: (-1) gbmt.Rd:81: Lost braces in \itemize; meant \describe ? checkRd: (-1) gbmt.Rd:83: Lost braces in \itemize; meant \describe ? checkRd: (-1) gbmt.Rd:84: Lost braces in \itemize; meant \describe ? checkRd: (-1) gbmt.Rd:85: Lost braces in \itemize; meant \describe ? checkRd: (-1) gbmt.Rd:86: Lost braces in \itemize; meant \describe ? checkRd: (-1) gbmt.Rd:87: Lost braces in \itemize; meant \describe ? checkRd: (-1) gbmt.Rd:88: Lost braces in \itemize; meant \describe ? checkRd: (-1) gbmt.Rd:89: Lost braces in \itemize; meant \describe ? checkRd: (-1) gbmt.Rd:90: Lost braces in \itemize; meant \describe ? checkRd: (-1) gbmt.Rd:23: Lost braces in \itemize; \value handles \item{}{} directly checkRd: (-1) gbmt.Rd:24: Lost braces in \itemize; \value handles \item{}{} directly checkRd: (-1) gbmt.Rd:25: Lost braces in \itemize; \value handles \item{}{} directly checkRd: (-1) gbmt.Rd:26: Lost braces in \itemize; \value handles \item{}{} directly checkRd: (-1) gbmt.Rd:27: Lost braces in \itemize; \value handles \item{}{} directly checkRd: (-1) gbmt.Rd:28: Lost braces in \itemize; \value handles \item{}{} directly checkRd: (-1) gbmt.Rd:29: Lost braces in \itemize; \value handles \item{}{} directly checkRd: (-1) gbmt.Rd:30: Lost braces in \itemize; \value handles \item{}{} directly checkRd: (-1) gbmt.Rd:31: Lost braces in \itemize; \value handles \item{}{} directly checkRd: (-1) gbmt.Rd:32: Lost braces in \itemize; \value handles \item{}{} directly checkRd: (-1) gbmt.Rd:33: Lost braces in \itemize; \value handles \item{}{} directly checkRd: (-1) gbmt.Rd:34: Lost braces in \itemize; \value handles \item{}{} directly checkRd: (-1) gbmt.Rd:35: Lost braces in \itemize; \value handles \item{}{} directly checkRd: (-1) gbmt.Rd:36: Lost braces in \itemize; \value handles \item{}{} directly checkRd: (-1) gbmt.Rd:37: Lost braces in \itemize; \value handles \item{}{} directly checkRd: (-1) gbmt.Rd:38: Lost braces in \itemize; \value handles \item{}{} directly checkRd: (-1) gbmt.Rd:39: Lost braces in \itemize; \value handles \item{}{} directly checkRd: (-1) gbmt.Rd:40: Lost braces in \itemize; \value handles \item{}{} directly Flavors: r-devel-linux-x86_64-debian-clang, r-devel-linux-x86_64-debian-gcc, r-devel-linux-x86_64-fedora-clang, r-devel-linux-x86_64-fedora-gcc, r-devel-windows-x86_64