CRAN Package Check Results for Package gaussfacts

Last updated on 2021-12-03 07:50:19 CET.

Flavor Version Tinstall Tcheck Ttotal Status Flags
r-devel-linux-x86_64-debian-clang 0.0.2 1.92 18.34 20.26 OK
r-devel-linux-x86_64-debian-gcc 0.0.2 1.22 14.78 16.00 OK
r-devel-linux-x86_64-fedora-clang 0.0.2 36.41 NOTE
r-devel-linux-x86_64-fedora-gcc 0.0.2 25.16 OK
r-devel-windows-x86_64-new-UL 0.0.2 6.00 44.00 50.00 OK
r-devel-windows-x86_64-new-TK 0.0.2 OK
r-devel-windows-x86_64-old 0.0.2 4.00 23.00 27.00 OK
r-patched-linux-x86_64 0.0.2 1.87 17.58 19.45 OK
r-patched-solaris-x86 0.0.2 38.40 OK
r-release-linux-x86_64 0.0.2 1.76 17.62 19.38 OK
r-release-macos-arm64 0.0.2 OK
r-release-macos-x86_64 0.0.2 OK
r-release-windows-ix86+x86_64 0.0.2 5.00 24.00 29.00 OK
r-oldrel-macos-x86_64 0.0.2 OK
r-oldrel-windows-ix86+x86_64 0.0.2 4.00 22.00 26.00 OK

Check Details

Version: 0.0.2
Check: Rd cross-references
Result: NOTE
    Undeclared packages ‘fortunes’, ‘rmsfact’ in Rd xrefs
Flavor: r-devel-linux-x86_64-fedora-clang