CRAN Package Check Results for Package gatepoints

Last updated on 2021-09-22 08:50:08 CEST.

Flavor Version Tinstall Tcheck Ttotal Status Flags
r-devel-linux-x86_64-debian-clang 0.1.4 2.05 24.41 26.46 NOTE
r-devel-linux-x86_64-debian-gcc 0.1.4 1.45 19.60 21.05 NOTE
r-devel-linux-x86_64-fedora-clang 0.1.4 41.91 NOTE
r-devel-linux-x86_64-fedora-gcc 0.1.4 31.33 NOTE
r-devel-windows-x86_64 0.1.4 4.00 35.00 39.00 NOTE
r-devel-windows-x86_64-gcc10-UCRT 0.1.4 ERROR
r-patched-linux-x86_64 0.1.4 1.72 23.67 25.39 NOTE
r-patched-solaris-x86 0.1.4 47.70 NOTE
r-release-linux-x86_64 0.1.4 2.02 23.54 25.56 NOTE
r-release-macos-arm64 0.1.4 NOTE
r-release-macos-x86_64 0.1.4 NOTE
r-release-windows-ix86+x86_64 0.1.4 5.00 30.00 35.00 NOTE
r-oldrel-macos-x86_64 0.1.4 OK
r-oldrel-windows-ix86+x86_64 0.1.4 13.00 30.00 43.00 OK

Check Details

Version: 0.1.4
Check: LazyData
Result: NOTE
     'LazyData' is specified without a 'data' directory
Flavors: r-devel-linux-x86_64-debian-clang, r-devel-linux-x86_64-debian-gcc, r-devel-linux-x86_64-fedora-clang, r-devel-linux-x86_64-fedora-gcc, r-devel-windows-x86_64, r-devel-windows-x86_64-gcc10-UCRT, r-patched-linux-x86_64, r-patched-solaris-x86, r-release-linux-x86_64, r-release-macos-arm64, r-release-macos-x86_64, r-release-windows-ix86+x86_64

Version: 0.1.4
Check: PDF version of manual
Result: WARN
    LaTeX errors when creating PDF version.
    This typically indicates Rd problems.
Flavor: r-devel-windows-x86_64-gcc10-UCRT

Version: 0.1.4
Check: PDF version of manual without hyperrefs or index
Result: ERROR
    Re-running with no redirection of stdout/stderr.
Flavor: r-devel-windows-x86_64-gcc10-UCRT