Last updated on 2023-02-03 19:52:05 CET.
Flavor | Version | Tinstall | Tcheck | Ttotal | Status | Flags |
---|---|---|---|---|---|---|
r-devel-linux-x86_64-debian-clang | 0.3 | 46.55 | 93.62 | 140.17 | NOTE | |
r-devel-linux-x86_64-debian-gcc | 0.3 | 37.41 | 69.72 | 107.13 | NOTE | |
r-devel-linux-x86_64-fedora-clang | 0.3 | 191.26 | NOTE | |||
r-devel-linux-x86_64-fedora-gcc | 0.3 | 189.68 | NOTE | |||
r-devel-windows-x86_64 | 0.3 | 42.00 | 139.00 | 181.00 | NOTE | |
r-patched-linux-x86_64 | 0.3 | 38.86 | 90.01 | 128.87 | NOTE | |
r-release-linux-x86_64 | 0.3 | 37.86 | 89.77 | 127.63 | NOTE | |
r-release-macos-arm64 | 0.3 | 50.00 | NOTE | |||
r-release-macos-x86_64 | 0.3 | 104.00 | NOTE | |||
r-release-windows-x86_64 | 0.3 | 42.00 | 145.00 | 187.00 | NOTE | |
r-oldrel-macos-arm64 | 0.3 | 60.00 | NOTE | |||
r-oldrel-macos-x86_64 | 0.3 | 73.00 | NOTE | |||
r-oldrel-windows-ix86+x86_64 | 0.3 | 112.00 | 156.00 | 268.00 | NOTE |
Version: 0.3
Check: LazyData
Result: NOTE
'LazyData' is specified without a 'data' directory
Flavors: r-devel-linux-x86_64-debian-clang, r-devel-linux-x86_64-debian-gcc, r-devel-linux-x86_64-fedora-clang, r-devel-linux-x86_64-fedora-gcc, r-devel-windows-x86_64, r-patched-linux-x86_64, r-release-linux-x86_64, r-release-macos-arm64, r-release-macos-x86_64, r-release-windows-x86_64, r-oldrel-macos-arm64, r-oldrel-macos-x86_64, r-oldrel-windows-ix86+x86_64