CRAN Package Check Results for Package gamlss.dist

Last updated on 2020-10-30 08:49:03 CET.

Flavor Version Tinstall Tcheck Ttotal Status Flags
r-devel-linux-x86_64-debian-clang 5.1-7 56.14 232.95 289.09 OK
r-devel-linux-x86_64-debian-gcc 5.1-7 44.29 168.94 213.23 OK
r-devel-linux-x86_64-fedora-clang 5.1-7 370.90 NOTE
r-devel-linux-x86_64-fedora-gcc 5.1-7 336.14 OK
r-devel-windows-ix86+x86_64 5.1-7 92.00 267.00 359.00 OK
r-patched-linux-x86_64 5.1-7 53.31 205.88 259.19 OK
r-patched-solaris-x86 5.1-7 339.90 OK
r-release-linux-x86_64 5.1-7 52.66 206.62 259.28 OK
r-release-macos-x86_64 5.1-7 OK
r-release-windows-ix86+x86_64 5.1-7 77.00 252.00 329.00 OK
r-oldrel-macos-x86_64 5.1-7 OK
r-oldrel-windows-ix86+x86_64 5.1-7 91.00 230.00 321.00 OK

Check Details

Version: 5.1-7
Check: Rd cross-references
Result: NOTE
    Undeclared package ‘gamlss’ in Rd xrefs
Flavor: r-devel-linux-x86_64-fedora-clang