Last updated on 2023-03-23 07:54:27 CET.
Flavor | Version | Tinstall | Tcheck | Ttotal | Status | Flags |
---|---|---|---|---|---|---|
r-devel-linux-x86_64-debian-clang | 0.62.3 | 6.35 | 159.79 | 166.14 | OK | |
r-devel-linux-x86_64-debian-gcc | 0.62.3 | 4.99 | 123.22 | 128.21 | OK | |
r-devel-linux-x86_64-fedora-clang | 0.62.3 | 203.75 | OK | |||
r-devel-linux-x86_64-fedora-gcc | 0.62.3 | 207.43 | OK | |||
r-patched-linux-x86_64 | 0.62.3 | 7.46 | 157.05 | 164.51 | OK | |
r-release-linux-x86_64 | 0.62.3 | 6.66 | 155.07 | 161.73 | OK | |
r-release-macos-arm64 | 0.62.3 | 75.00 | NOTE | |||
r-release-macos-x86_64 | 0.62.3 | 89.00 | OK | |||
r-release-windows-x86_64 | 0.62.3 | 10.00 | 230.00 | 240.00 | OK | |
r-oldrel-macos-arm64 | 0.62.3 | 97.00 | OK | |||
r-oldrel-macos-x86_64 | 0.62.3 | 131.00 | OK | |||
r-oldrel-windows-ix86+x86_64 | 0.62.3 | 15.00 | 209.00 | 224.00 | OK |
Version: 0.62.3
Check: package dependencies
Result: NOTE
Package suggested but not available for checking: ‘DAAGbio’
Flavor: r-release-macos-arm64