CRAN Package Check Results for Package gambin

Last updated on 2021-09-22 20:49:36 CEST.

Flavor Version Tinstall Tcheck Ttotal Status Flags
r-devel-linux-x86_64-debian-clang 2.5.0 2.83 40.17 43.00 OK
r-devel-linux-x86_64-debian-gcc 2.5.0 2.48 31.66 34.14 OK
r-devel-linux-x86_64-fedora-clang 2.5.0 60.51 OK
r-devel-linux-x86_64-fedora-gcc 2.5.0 50.15 OK
r-devel-windows-x86_64 2.5.0 4.00 52.00 56.00 OK
r-devel-windows-x86_64-gcc10-UCRT 2.5.0 ERROR
r-patched-linux-x86_64 2.5.0 3.07 38.51 41.58 OK
r-patched-solaris-x86 2.5.0 88.70 OK
r-release-linux-x86_64 2.5.0 3.04 38.68 41.72 OK
r-release-macos-arm64 2.5.0 OK
r-release-macos-x86_64 2.5.0 OK
r-release-windows-ix86+x86_64 2.5.0 7.00 50.00 57.00 OK
r-oldrel-macos-x86_64 2.5.0 OK
r-oldrel-windows-ix86+x86_64 2.5.0 5.00 51.00 56.00 OK

Check Details

Version: 2.5.0
Check: PDF version of manual
Result: WARN
    LaTeX errors when creating PDF version.
    This typically indicates Rd problems.
Flavor: r-devel-windows-x86_64-gcc10-UCRT

Version: 2.5.0
Check: PDF version of manual without hyperrefs or index
Result: ERROR
    Re-running with no redirection of stdout/stderr.
Flavor: r-devel-windows-x86_64-gcc10-UCRT