CRAN Package Check Results for Package galigor

Last updated on 2023-01-31 07:54:11 CET.

Flavor Version Tinstall Tcheck Ttotal Status Flags
r-devel-linux-x86_64-debian-clang 0.2.5 7.32 66.14 73.46 OK
r-devel-linux-x86_64-debian-gcc 0.2.5 5.26 46.73 51.99 OK
r-devel-linux-x86_64-fedora-clang 0.2.5 84.45 NOTE
r-devel-linux-x86_64-fedora-gcc 0.2.5 85.09 NOTE
r-devel-windows-x86_64 0.2.5 12.00 95.00 107.00 OK
r-patched-linux-x86_64 0.2.5 4.58 65.17 69.75 OK
r-release-linux-x86_64 0.2.5 6.00 65.28 71.28 OK
r-release-macos-arm64 0.2.5 29.00 NOTE
r-release-macos-x86_64 0.2.5 47.00 NOTE
r-release-windows-x86_64 0.2.5 18.00 99.00 117.00 OK
r-oldrel-macos-arm64 0.2.5 43.00 NOTE
r-oldrel-macos-x86_64 0.2.5 39.00 NOTE
r-oldrel-windows-ix86+x86_64 0.2.5 20.00 93.00 113.00 OK

Check Details

Version: 0.2.5
Check: dependencies in R code
Result: NOTE
    Namespaces in Imports field not imported from:
     ‘gargle’ ‘getProxy’ ‘rappsflyer’ ‘rfacebookstat’ ‘rgoogleads’
     ‘rmytarget’ ‘rvkstat’ ‘ryandexdirect’ ‘rym’ ‘tidyr’
     All declared Imports should be used.
Flavors: r-devel-linux-x86_64-fedora-clang, r-devel-linux-x86_64-fedora-gcc, r-release-macos-arm64, r-release-macos-x86_64, r-oldrel-macos-arm64, r-oldrel-macos-x86_64