CRAN Package Check Results for Package gains

Last updated on 2021-09-21 08:49:43 CEST.

Flavor Version Tinstall Tcheck Ttotal Status Flags
r-devel-linux-x86_64-debian-clang 1.2 2.93 24.33 27.26 OK
r-devel-linux-x86_64-debian-gcc 1.2 2.55 19.15 21.70 OK
r-devel-linux-x86_64-fedora-clang 1.2 42.56 OK
r-devel-linux-x86_64-fedora-gcc 1.2 31.52 OK
r-devel-windows-x86_64 1.2 5.00 28.00 33.00 OK
r-devel-windows-x86_64-gcc10-UCRT 1.2 ERROR
r-patched-linux-x86_64 1.2 3.05 23.44 26.49 OK
r-patched-solaris-x86 1.2 48.70 OK
r-release-linux-x86_64 1.2 2.61 23.43 26.04 OK
r-release-macos-arm64 1.2 OK
r-release-macos-x86_64 1.2 OK
r-release-windows-ix86+x86_64 1.2 7.00 27.00 34.00 OK
r-oldrel-macos-x86_64 1.2 OK
r-oldrel-windows-ix86+x86_64 1.2 6.00 25.00 31.00 OK

Check Details

Version: 1.2
Check: whether package can be installed
Result: WARN
    Found the following significant warnings:
     WARNING: installation-time patches will not be applied, could not get the patches index
Flavor: r-devel-windows-x86_64-gcc10-UCRT

Version: 1.2
Check: PDF version of manual
Result: WARN
    LaTeX errors when creating PDF version.
    This typically indicates Rd problems.
Flavor: r-devel-windows-x86_64-gcc10-UCRT

Version: 1.2
Check: PDF version of manual without hyperrefs or index
Result: ERROR
    Re-running with no redirection of stdout/stderr.
Flavor: r-devel-windows-x86_64-gcc10-UCRT