CRAN Package Check Results for Package gaiah

Last updated on 2024-03-02 19:50:18 CET.

Flavor Version Tinstall Tcheck Ttotal Status Flags
r-devel-linux-x86_64-debian-clang 0.0.5 5.59 94.57 100.16 NOTE
r-devel-linux-x86_64-debian-gcc 0.0.5 4.45 70.03 74.48 NOTE
r-devel-linux-x86_64-fedora-clang 0.0.5 122.36 NOTE
r-devel-linux-x86_64-fedora-gcc 0.0.5 119.81 NOTE
r-devel-windows-x86_64 0.0.5 7.00 87.00 94.00 OK
r-patched-linux-x86_64 0.0.5 6.37 92.75 99.12 OK
r-release-linux-x86_64 0.0.5 6.03 91.13 97.16 OK
r-release-macos-arm64 0.0.5 46.00 OK
r-release-macos-x86_64 0.0.5 74.00 OK
r-release-windows-x86_64 0.0.5 7.00 104.00 111.00 OK
r-oldrel-macos-arm64 0.0.5 44.00 OK
r-oldrel-windows-x86_64 0.0.5 8.00 107.00 115.00 OK

Check Details

Version: 0.0.5
Check: Rd files
Result: NOTE checkRd: (-1) min_hpd_inc_area_df.Rd:20: Lost braces in \itemize; \value handles \item{}{} directly checkRd: (-1) min_hpd_inc_area_df.Rd:21-22: Lost braces in \itemize; \value handles \item{}{} directly checkRd: (-1) min_hpd_inc_area_df.Rd:23: Lost braces in \itemize; \value handles \item{}{} directly checkRd: (-1) vza_mean_and_var_rasters.Rd:20: Lost braces 20 | of the paper on Wilson's warbler, this function computes $tilde{T}^{(mu)}$ (returned as | ^ checkRd: (-1) vza_mean_and_var_rasters.Rd:20: Lost braces; missing escapes or markup? 20 | of the paper on Wilson's warbler, this function computes $tilde{T}^{(mu)}$ (returned as | ^ checkRd: (-1) vza_mean_and_var_rasters.Rd:21: Lost braces; missing escapes or markup? 21 | list component \code{mean.raster}) and $R^{(sigma^2)}$ (returned as list component | ^ Flavors: r-devel-linux-x86_64-debian-clang, r-devel-linux-x86_64-debian-gcc, r-devel-linux-x86_64-fedora-clang, r-devel-linux-x86_64-fedora-gcc