CRAN Package Check Results for Package gRim

Last updated on 2024-02-21 19:53:16 CET.

Flavor Version Tinstall Tcheck Ttotal Status Flags
r-devel-linux-x86_64-debian-clang 0.3.0 NOTE
r-devel-linux-x86_64-debian-gcc 0.3.0 57.68 101.72 159.40 NOTE
r-devel-linux-x86_64-fedora-clang 0.3.0 279.38 OK
r-devel-linux-x86_64-fedora-gcc 0.3.0 286.78 OK
r-devel-windows-x86_64 0.3.0 58.00 131.00 189.00 OK
r-patched-linux-x86_64 0.3.0 65.95 135.61 201.56 OK
r-release-linux-x86_64 0.3.0 51.18 133.88 185.06 OK
r-release-macos-arm64 0.3.0 68.00 OK
r-release-macos-x86_64 0.3.0 132.00 OK
r-release-windows-x86_64 0.3.0 75.00 166.00 241.00 OK
r-oldrel-macos-arm64 0.3.0 69.00 OK
r-oldrel-windows-x86_64 0.3.0 71.00 163.00 234.00 OK

Check Details

Version: 0.3.0
Check: Rd files
Result: NOTE checkRd: (-1) testadd.Rd:34: Lost braces; missing escapes or markup? 34 | Let M0 be the model and e={u,v} be an edge and let M1 be | ^ Flavors: r-devel-linux-x86_64-debian-clang, r-devel-linux-x86_64-debian-gcc