Last updated on 2023-01-26 19:49:28 CET.
Flavor | Version | Tinstall | Tcheck | Ttotal | Status | Flags |
---|---|---|---|---|---|---|
r-devel-linux-x86_64-debian-clang | 1.4.7 | 9.41 | 362.69 | 372.10 | OK | |
r-devel-linux-x86_64-debian-gcc | 1.4.7 | 8.57 | 259.75 | 268.32 | OK | |
r-devel-linux-x86_64-fedora-clang | 1.4.7 | 420.77 | OK | |||
r-devel-linux-x86_64-fedora-gcc | 1.4.7 | 440.52 | OK | |||
r-devel-windows-x86_64 | 1.4.7 | 32.00 | 388.00 | 420.00 | OK | |
r-patched-linux-x86_64 | 1.4.7 | 15.17 | 341.10 | 356.27 | OK | |
r-release-linux-x86_64 | 1.4.7 | 8.58 | 278.46 | 287.04 | OK | |
r-release-macos-arm64 | 1.4.7 | 112.00 | NOTE | |||
r-release-macos-x86_64 | 1.4.7 | 226.00 | NOTE | |||
r-release-windows-x86_64 | 1.4.7 | 25.00 | 343.00 | 368.00 | OK | |
r-oldrel-macos-arm64 | 1.4.7 | 56.00 | NOTE | |||
r-oldrel-macos-x86_64 | 1.4.7 | 66.00 | NOTE | |||
r-oldrel-windows-ix86+x86_64 | 1.4.7 | 24.00 | 386.00 | 410.00 | OK |
Version: 1.4.7
Check: package dependencies
Result: NOTE
Package suggested but not available for checking: ‘webshot2’
Flavors: r-release-macos-arm64, r-oldrel-macos-arm64, r-oldrel-macos-x86_64
Version: 1.4.7
Check: package dependencies
Result: NOTE
Packages suggested but not available for checking: 'pdftools', 'webshot2'
Flavor: r-release-macos-x86_64