CRAN Package Check Results for Package gKRLS

Last updated on 2024-02-27 19:54:39 CET.

Flavor Version Tinstall Tcheck Ttotal Status Flags
r-devel-linux-x86_64-debian-clang 1.0.2 58.50 190.23 248.73 OK
r-devel-linux-x86_64-debian-gcc 1.0.2 51.45 154.24 205.69 OK
r-devel-linux-x86_64-fedora-clang 1.0.2 332.45 OK
r-devel-linux-x86_64-fedora-gcc 1.0.2 324.99 OK
r-devel-windows-x86_64 1.0.2 53.00 173.00 226.00 OK
r-patched-linux-x86_64 1.0.2 60.22 184.61 244.83 OK
r-release-linux-x86_64 1.0.2 63.59 188.37 251.96 OK
r-release-macos-arm64 1.0.2 103.00 NOTE
r-release-macos-x86_64 1.0.2 212.00 NOTE
r-release-windows-x86_64 1.0.2 67.00 225.00 292.00 OK
r-oldrel-macos-arm64 1.0.2 100.00 NOTE
r-oldrel-windows-x86_64 1.0.2 63.00 221.00 284.00 OK

Check Details

Version: 1.0.2
Check: installed package size
Result: NOTE installed size is 7.1Mb sub-directories of 1Mb or more: libs 6.8Mb Flavors: r-release-macos-arm64, r-release-macos-x86_64, r-oldrel-macos-arm64