CRAN Package Check Results for Package gDefrag

Last updated on 2020-07-14 09:50:29 CEST.

Flavor Version Tinstall Tcheck Ttotal Status Flags
r-devel-linux-x86_64-debian-clang 0.2 5.05 53.64 58.69 OK
r-devel-linux-x86_64-debian-gcc 0.2 4.37 42.43 46.80 OK
r-devel-linux-x86_64-fedora-clang 0.2 81.91 OK
r-devel-linux-x86_64-fedora-gcc 0.2 75.59 OK
r-devel-windows-ix86+x86_64 0.2 21.00 136.00 157.00 OK
r-patched-linux-x86_64 0.2 5.23 52.45 57.68 OK
r-patched-solaris-x86 0.2 115.70 OK
r-release-linux-x86_64 0.2 5.19 51.71 56.90 OK
r-release-macos-x86_64 0.2 ERROR
r-release-windows-ix86+x86_64 0.2 23.00 86.00 109.00 OK
r-oldrel-macos-x86_64 0.2 OK
r-oldrel-windows-ix86+x86_64 0.2 21.00 112.00 133.00 OK

Check Details

Version: 0.2
Check: whether package can be installed
Result: ERROR
    Installation failed.
Flavor: r-release-macos-x86_64