CRAN Package Check Results for Package g2f

Last updated on 2021-12-06 19:50:39 CET.

Flavor Version Tinstall Tcheck Ttotal Status Flags
r-devel-linux-x86_64-debian-clang 0.2 16.67 173.15 189.82 NOTE
r-devel-linux-x86_64-debian-gcc 0.2 15.92 131.82 147.74 NOTE
r-devel-linux-x86_64-fedora-clang 0.2 237.04 NOTE
r-devel-linux-x86_64-fedora-gcc 0.2 230.29 NOTE
r-devel-windows-x86_64-new-UL 0.2 27.00 187.00 214.00 NOTE
r-devel-windows-x86_64-new-TK 0.2 NOTE
r-devel-windows-x86_64-old 0.2 27.00 140.00 167.00 NOTE
r-patched-linux-x86_64 0.2 17.33 157.28 174.61 NOTE
r-release-linux-x86_64 0.2 17.84 166.01 183.85 NOTE
r-release-macos-arm64 0.2 NOTE
r-release-macos-x86_64 0.2 NOTE
r-release-windows-ix86+x86_64 0.2 44.00 184.00 228.00 NOTE
r-oldrel-macos-x86_64 0.2 ERROR
r-oldrel-windows-ix86+x86_64 0.2 41.00 166.00 207.00 OK

Check Details

Version: 0.2
Check: LazyData
Result: NOTE
     'LazyData' is specified without a 'data' directory
Flavors: r-devel-linux-x86_64-debian-clang, r-devel-linux-x86_64-debian-gcc, r-devel-linux-x86_64-fedora-clang, r-devel-linux-x86_64-fedora-gcc, r-devel-windows-x86_64-new-UL, r-devel-windows-x86_64-new-TK, r-devel-windows-x86_64-old, r-patched-linux-x86_64, r-release-linux-x86_64, r-release-macos-arm64, r-release-macos-x86_64, r-release-windows-ix86+x86_64

Version: 0.2
Check: package dependencies
Result: ERROR
    Package required but not available: ‘KEGGREST’
    
    See section ‘The DESCRIPTION file’ in the ‘Writing R Extensions’
    manual.
Flavor: r-oldrel-macos-x86_64