CRAN Package Check Results for Package fuzzyforest

Last updated on 2021-09-20 20:48:39 CEST.

Flavor Version Tinstall Tcheck Ttotal Status Flags
r-devel-linux-x86_64-debian-clang 1.0.8 5.60 193.35 198.95 OK
r-devel-linux-x86_64-debian-gcc 1.0.8 4.23 146.18 150.41 OK
r-devel-linux-x86_64-fedora-clang 1.0.8 240.23 OK
r-devel-linux-x86_64-fedora-gcc 1.0.8 229.89 OK
r-devel-windows-x86_64 1.0.8 26.00 164.00 190.00 OK
r-devel-windows-x86_64-gcc10-UCRT 1.0.8 ERROR
r-patched-linux-x86_64 1.0.8 6.10 185.46 191.56 OK
r-patched-solaris-x86 1.0.8 330.50 OK
r-release-linux-x86_64 1.0.8 5.57 182.58 188.15 OK
r-release-macos-arm64 1.0.8 NOTE
r-release-macos-x86_64 1.0.8 NOTE
r-release-windows-ix86+x86_64 1.0.8 51.00 165.00 216.00 OK
r-oldrel-macos-x86_64 1.0.8 OK
r-oldrel-windows-ix86+x86_64 1.0.8 43.00 144.00 187.00 OK

Check Details

Version: 1.0.8
Check: whether package can be installed
Result: WARN
    Found the following significant warnings:
     WARNING: installation-time patches will not be applied, could not get the patches index
Flavor: r-devel-windows-x86_64-gcc10-UCRT

Version: 1.0.8
Check: PDF version of manual
Result: WARN
    LaTeX errors when creating PDF version.
    This typically indicates Rd problems.
Flavor: r-devel-windows-x86_64-gcc10-UCRT

Version: 1.0.8
Check: PDF version of manual without hyperrefs or index
Result: ERROR
    Re-running with no redirection of stdout/stderr.
Flavor: r-devel-windows-x86_64-gcc10-UCRT

Version: 1.0.8
Check: package dependencies
Result: NOTE
    Package suggested but not available for checking: ‘WGCNA’
Flavors: r-release-macos-arm64, r-release-macos-x86_64