Last updated on 2022-08-07 21:56:24 CEST.
Flavor | Version | Tinstall | Tcheck | Ttotal | Status | Flags |
---|---|---|---|---|---|---|
r-devel-linux-x86_64-debian-clang | 1.0.3 | 26.32 | 85.11 | 111.43 | OK | |
r-devel-linux-x86_64-debian-gcc | 1.0.3 | 18.63 | 63.55 | 82.18 | OK | |
r-devel-linux-x86_64-fedora-clang | 1.0.3 | 146.03 | NOTE | |||
r-devel-linux-x86_64-fedora-gcc | 1.0.3 | 138.30 | NOTE | |||
r-devel-windows-x86_64 | 1.0.3 | 218.00 | 135.00 | 353.00 | OK | |
r-patched-linux-x86_64 | 1.0.3 | 22.09 | 78.65 | 100.74 | OK | |
r-release-linux-x86_64 | 1.0.3 | 15.12 | 79.49 | 94.61 | OK | |
r-release-macos-arm64 | 1.0.3 | 37.00 | OK | |||
r-release-macos-x86_64 | 1.0.3 | 82.00 | OK | |||
r-release-windows-x86_64 | 1.0.3 | 721.00 | 134.00 | 855.00 | OK | |
r-oldrel-macos-arm64 | 1.0.3 | 66.00 | OK | |||
r-oldrel-macos-x86_64 | 1.0.3 | 65.00 | OK | |||
r-oldrel-windows-ix86+x86_64 | 1.0.3 | 56.00 | 154.00 | 210.00 | NOTE |
Version: 1.0.3
Check: compiled code
Result: NOTE
File ‘futureheatwaves/libs/futureheatwaves.so’:
Found no calls to: ‘R_registerRoutines’, ‘R_useDynamicSymbols’
It is good practice to register native routines and to disable symbol
search.
See ‘Writing portable packages’ in the ‘Writing R Extensions’ manual.
Flavors: r-devel-linux-x86_64-fedora-clang, r-devel-linux-x86_64-fedora-gcc
Version: 1.0.3
Check: installed package size
Result: NOTE
installed size is 5.6Mb
sub-directories of 1Mb or more:
doc 1.8Mb
extdata 1.5Mb
libs 2.0Mb
Flavor: r-oldrel-windows-ix86+x86_64