CRAN Package Check Results for Package future.batchtools

Last updated on 2020-07-14 09:50:29 CEST.

Flavor Version Tinstall Tcheck Ttotal Status Flags
r-devel-linux-x86_64-debian-clang 0.9.0 4.98 458.76 463.74 OK
r-devel-linux-x86_64-debian-gcc 0.9.0 3.91 298.83 302.74 OK
r-devel-linux-x86_64-fedora-clang 0.9.0 410.75 NOTE
r-devel-linux-x86_64-fedora-gcc 0.9.0 388.95 OK
r-devel-windows-ix86+x86_64 0.9.0 15.00 503.00 518.00 OK
r-patched-linux-x86_64 0.9.0 4.39 337.78 342.17 OK
r-patched-solaris-x86 0.9.0 481.80 OK
r-release-linux-x86_64 0.9.0 4.26 335.04 339.30 OK
r-release-macos-x86_64 0.9.0 FAIL
r-release-windows-ix86+x86_64 0.9.0 16.00 431.00 447.00 OK
r-oldrel-macos-x86_64 0.9.0 OK
r-oldrel-windows-ix86+x86_64 0.9.0 13.00 443.00 456.00 OK

Check Details

Version: 0.9.0
Check: Rd cross-references
Result: NOTE
    Undeclared package ‘globals’ in Rd xrefs
Flavor: r-devel-linux-x86_64-fedora-clang

Version: 0.9.0
Check: DESCRIPTION meta-information
Result: FAIL
Flavor: r-release-macos-x86_64