CRAN Package Check Results for Package furniture

Last updated on 2020-12-01 19:48:16 CET.

Flavor Version Tinstall Tcheck Ttotal Status Flags
r-devel-linux-x86_64-debian-clang 1.9.7 8.11 58.14 66.25 OK
r-devel-linux-x86_64-debian-gcc 1.9.7 5.37 46.37 51.74 OK
r-devel-linux-x86_64-fedora-clang 1.9.7 82.65 NOTE
r-devel-linux-x86_64-fedora-gcc 1.9.7 73.89 NOTE
r-devel-windows-ix86+x86_64 1.9.7 11.00 71.00 82.00 OK
r-patched-linux-x86_64 1.9.7 7.10 56.15 63.25 OK
r-patched-solaris-x86 1.9.7 100.40 NOTE
r-release-linux-x86_64 1.9.7 5.42 58.24 63.66 OK
r-release-macos-x86_64 1.9.7 NOTE
r-release-windows-ix86+x86_64 1.9.7 10.00 57.00 67.00 OK
r-oldrel-macos-x86_64 1.9.7 NOTE
r-oldrel-windows-ix86+x86_64 1.9.7 8.00 71.00 79.00 OK

Check Details

Version: 1.9.7
Check: dependencies in R code
Result: NOTE
    Namespace in Imports field not imported from: ‘magrittr’
     All declared Imports should be used.
Flavors: r-devel-linux-x86_64-fedora-clang, r-devel-linux-x86_64-fedora-gcc, r-patched-solaris-x86, r-release-macos-x86_64, r-oldrel-macos-x86_64