CRAN Package Check Results for Package funnelR

Last updated on 2021-12-03 19:50:11 CET.

Flavor Version Tinstall Tcheck Ttotal Status Flags
r-devel-linux-x86_64-debian-clang 0.1.0 4.18 52.37 56.55 NOTE
r-devel-linux-x86_64-debian-gcc 0.1.0 2.95 39.15 42.10 NOTE
r-devel-linux-x86_64-fedora-clang 0.1.0 76.36 NOTE
r-devel-linux-x86_64-fedora-gcc 0.1.0 65.00 NOTE
r-devel-windows-x86_64-new-UL 0.1.0 11.00 90.00 101.00 NOTE
r-devel-windows-x86_64-new-TK 0.1.0 NOTE
r-devel-windows-x86_64-old 0.1.0 8.00 57.00 65.00 NOTE
r-patched-linux-x86_64 0.1.0 4.00 45.93 49.93 NOTE
r-release-linux-x86_64 0.1.0 3.55 45.65 49.20 NOTE
r-release-macos-arm64 0.1.0 NOTE
r-release-macos-x86_64 0.1.0 NOTE
r-release-windows-ix86+x86_64 0.1.0 12.00 67.00 79.00 NOTE
r-oldrel-macos-x86_64 0.1.0 OK
r-oldrel-windows-ix86+x86_64 0.1.0 12.00 69.00 81.00 OK

Check Details

Version: 0.1.0
Check: LazyData
Result: NOTE
     'LazyData' is specified without a 'data' directory
Flavors: r-devel-linux-x86_64-debian-clang, r-devel-linux-x86_64-debian-gcc, r-devel-linux-x86_64-fedora-clang, r-devel-linux-x86_64-fedora-gcc, r-devel-windows-x86_64-new-UL, r-devel-windows-x86_64-new-TK, r-devel-windows-x86_64-old, r-patched-linux-x86_64, r-release-linux-x86_64, r-release-macos-arm64, r-release-macos-x86_64, r-release-windows-ix86+x86_64