CRAN Package Check Results for Package func2vis

Last updated on 2021-09-20 08:50:16 CEST.

Flavor Version Tinstall Tcheck Ttotal Status Flags
r-devel-linux-x86_64-debian-clang 1.0-1 9.68 101.60 111.28 OK
r-devel-linux-x86_64-debian-gcc 1.0-1 7.19 73.36 80.55 OK
r-devel-linux-x86_64-fedora-clang 1.0-1 136.74 OK
r-devel-linux-x86_64-fedora-gcc 1.0-1 124.64 OK
r-devel-windows-x86_64 1.0-1 11.00 88.00 99.00 OK
r-devel-windows-x86_64-gcc10-UCRT 1.0-1 ERROR
r-patched-linux-x86_64 1.0-1 6.89 97.21 104.10 OK
r-patched-solaris-x86 1.0-1 177.30 OK
r-release-linux-x86_64 1.0-1 7.14 95.07 102.21 OK
r-release-macos-arm64 1.0-1 OK
r-release-macos-x86_64 1.0-1 OK
r-release-windows-ix86+x86_64 1.0-1 24.00 87.00 111.00 OK
r-oldrel-macos-x86_64 1.0-1 OK
r-oldrel-windows-ix86+x86_64 1.0-1 22.00 83.00 105.00 OK

Check Details

Version: 1.0-1
Check: whether package can be installed
Result: WARN
    Found the following significant warnings:
     WARNING: installation-time patches will not be applied, could not get the patches index
Flavor: r-devel-windows-x86_64-gcc10-UCRT

Version: 1.0-1
Check: PDF version of manual
Result: WARN
    LaTeX errors when creating PDF version.
    This typically indicates Rd problems.
Flavor: r-devel-windows-x86_64-gcc10-UCRT

Version: 1.0-1
Check: PDF version of manual without hyperrefs or index
Result: ERROR
    Re-running with no redirection of stdout/stderr.
Flavor: r-devel-windows-x86_64-gcc10-UCRT