Last updated on 2022-05-18 09:54:02 CEST.
Flavor | Version | Tinstall | Tcheck | Ttotal | Status | Flags |
---|---|---|---|---|---|---|
r-devel-linux-x86_64-debian-clang | 0.1.2 | 25.26 | 40.85 | 66.11 | NOTE | |
r-devel-linux-x86_64-debian-gcc | 0.1.2 | 20.54 | 31.23 | 51.77 | NOTE | |
r-devel-linux-x86_64-fedora-clang | 0.1.2 | 93.28 | NOTE | |||
r-devel-linux-x86_64-fedora-gcc | 0.1.2 | 83.36 | NOTE | |||
r-devel-windows-x86_64 | 0.1.2 | 30.00 | 77.00 | 107.00 | NOTE | |
r-patched-linux-x86_64 | 0.1.2 | 21.50 | 39.16 | 60.66 | NOTE | |
r-release-linux-x86_64 | 0.1.2 | 22.02 | 38.76 | 60.78 | NOTE | |
r-release-macos-arm64 | 0.1.2 | 25.00 | NOTE | |||
r-release-macos-x86_64 | 0.1.2 | 33.00 | NOTE | |||
r-release-windows-x86_64 | 0.1.2 | 32.00 | 76.00 | 108.00 | NOTE | |
r-oldrel-macos-arm64 | 0.1.2 | 33.00 | NOTE | |||
r-oldrel-macos-x86_64 | 0.1.2 | 47.00 | NOTE | |||
r-oldrel-windows-ix86+x86_64 | 0.1.2 | 71.00 | 73.00 | 144.00 | NOTE |
Version: 0.1.2
Check: DESCRIPTION meta-information
Result: NOTE
Malformed Title field: should not end in a period.
Flavors: r-devel-linux-x86_64-debian-clang, r-devel-linux-x86_64-debian-gcc, r-devel-linux-x86_64-fedora-clang, r-devel-linux-x86_64-fedora-gcc, r-devel-windows-x86_64, r-patched-linux-x86_64, r-release-linux-x86_64, r-release-macos-arm64, r-release-macos-x86_64, r-release-windows-x86_64, r-oldrel-macos-arm64, r-oldrel-macos-x86_64, r-oldrel-windows-ix86+x86_64
Version: 0.1.2
Check: dependencies in R code
Result: NOTE
Packages in Depends field not imported from:
'Rcpp' 'snowfall'
These packages need to be imported from (in the NAMESPACE file)
for when this namespace is loaded but not attached.
Flavors: r-devel-linux-x86_64-debian-clang, r-devel-linux-x86_64-debian-gcc, r-devel-linux-x86_64-fedora-clang, r-devel-linux-x86_64-fedora-gcc, r-devel-windows-x86_64, r-patched-linux-x86_64, r-release-linux-x86_64, r-release-macos-arm64, r-release-macos-x86_64, r-release-windows-x86_64, r-oldrel-macos-arm64, r-oldrel-macos-x86_64, r-oldrel-windows-ix86+x86_64
Version: 0.1.2
Check: R code for possible problems
Result: NOTE
fugeR.evo: no visible global function definition for 'runif'
fugeR.sfRun: no visible global function definition for 'sfInit'
fugeR.sfRun: no visible global function definition for 'sfLibrary'
fugeR.sfRun: no visible global function definition for 'sfExport'
fugeR.sfRun: no visible global function definition for 'sfLapply'
fugeR.sfRun: no visible global function definition for 'sfStop'
Undefined global functions or variables:
runif sfExport sfInit sfLapply sfLibrary sfStop
Consider adding
importFrom("stats", "runif")
to your NAMESPACE file.
Flavors: r-devel-linux-x86_64-debian-clang, r-devel-linux-x86_64-debian-gcc, r-devel-linux-x86_64-fedora-clang, r-devel-linux-x86_64-fedora-gcc, r-devel-windows-x86_64, r-patched-linux-x86_64, r-release-linux-x86_64, r-release-macos-arm64, r-release-macos-x86_64, r-release-windows-x86_64, r-oldrel-macos-arm64, r-oldrel-macos-x86_64, r-oldrel-windows-ix86+x86_64
Version: 0.1.2
Check: compiled code
Result: NOTE
File ‘fugeR/libs/fugeR.so’:
Found no calls to: ‘R_registerRoutines’, ‘R_useDynamicSymbols’
It is good practice to register native routines and to disable symbol
search.
See ‘Writing portable packages’ in the ‘Writing R Extensions’ manual.
Flavors: r-devel-linux-x86_64-fedora-clang, r-devel-linux-x86_64-fedora-gcc