CRAN Package Check Results for Package fsia

Last updated on 2021-09-21 08:49:43 CEST.

Flavor Version Tinstall Tcheck Ttotal Status Flags
r-devel-linux-x86_64-debian-clang 1.1.1 2.51 25.55 28.06 OK
r-devel-linux-x86_64-debian-gcc 1.1.1 1.83 20.24 22.07 OK
r-devel-linux-x86_64-fedora-clang 1.1.1 43.21 OK
r-devel-linux-x86_64-fedora-gcc 1.1.1 32.11 OK
r-devel-windows-x86_64 1.1.1 4.00 29.00 33.00 OK
r-devel-windows-x86_64-gcc10-UCRT 1.1.1 ERROR
r-patched-linux-x86_64 1.1.1 2.71 25.27 27.98 OK
r-patched-solaris-x86 1.1.1 49.10 OK
r-release-linux-x86_64 1.1.1 2.41 24.88 27.29 OK
r-release-macos-arm64 1.1.1 OK
r-release-macos-x86_64 1.1.1 OK
r-release-windows-ix86+x86_64 1.1.1 5.00 30.00 35.00 OK
r-oldrel-macos-x86_64 1.1.1 OK
r-oldrel-windows-ix86+x86_64 1.1.1 4.00 30.00 34.00 OK

Check Details

Version: 1.1.1
Check: whether package can be installed
Result: WARN
    Found the following significant warnings:
     WARNING: installation-time patches will not be applied, could not get the patches index
Flavor: r-devel-windows-x86_64-gcc10-UCRT

Version: 1.1.1
Check: PDF version of manual
Result: WARN
    LaTeX errors when creating PDF version.
    This typically indicates Rd problems.
Flavor: r-devel-windows-x86_64-gcc10-UCRT

Version: 1.1.1
Check: PDF version of manual without hyperrefs or index
Result: ERROR
    Re-running with no redirection of stdout/stderr.
Flavor: r-devel-windows-x86_64-gcc10-UCRT