CRAN Package Check Results for Package frostr

Last updated on 2023-02-01 19:54:07 CET.

Flavor Version Tinstall Tcheck Ttotal Status Flags
r-devel-linux-x86_64-debian-clang 0.2.0 5.03 41.94 46.97 NOTE
r-devel-linux-x86_64-debian-gcc 0.2.0 4.62 32.26 36.88 NOTE
r-devel-linux-x86_64-fedora-clang 0.2.0 65.88 NOTE
r-devel-linux-x86_64-fedora-gcc 0.2.0 61.63 NOTE
r-devel-windows-x86_64 0.2.0 14.00 70.00 84.00 NOTE
r-patched-linux-x86_64 0.2.0 6.02 40.42 46.44 NOTE
r-release-linux-x86_64 0.2.0 5.31 46.38 51.69 NOTE
r-release-macos-arm64 0.2.0 18.00 NOTE
r-release-macos-x86_64 0.2.0 45.00 NOTE
r-release-windows-x86_64 0.2.0 15.00 78.00 93.00 NOTE
r-oldrel-macos-arm64 0.2.0 28.00 NOTE
r-oldrel-macos-x86_64 0.2.0 34.00 NOTE
r-oldrel-windows-ix86+x86_64 0.2.0 12.00 65.00 77.00 NOTE

Check Details

Version: 0.2.0
Check: LazyData
Result: NOTE
     'LazyData' is specified without a 'data' directory
Flavors: r-devel-linux-x86_64-debian-clang, r-devel-linux-x86_64-debian-gcc, r-devel-linux-x86_64-fedora-clang, r-devel-linux-x86_64-fedora-gcc, r-devel-windows-x86_64, r-patched-linux-x86_64, r-release-linux-x86_64, r-release-macos-arm64, r-release-macos-x86_64, r-release-windows-x86_64, r-oldrel-macos-arm64, r-oldrel-macos-x86_64, r-oldrel-windows-ix86+x86_64