CRAN Package Check Results for Package fromo

Last updated on 2020-10-27 19:50:24 CET.

Flavor Version Tinstall Tcheck Ttotal Status Flags
r-devel-linux-x86_64-debian-clang 0.2.1 396.62 49.80 446.42 OK
r-devel-linux-x86_64-debian-gcc 0.2.1 265.83 40.53 306.36 OK
r-devel-linux-x86_64-fedora-clang 0.2.1 661.83 NOTE
r-devel-linux-x86_64-fedora-gcc 0.2.1 518.05 OK
r-devel-windows-ix86+x86_64 0.2.1 654.00 136.00 790.00 NOTE
r-patched-linux-x86_64 0.2.1 OK
r-patched-solaris-x86 0.2.1 413.50 OK
r-release-linux-x86_64 0.2.1 302.91 50.52 353.43 OK
r-release-macos-x86_64 0.2.1 NOTE
r-release-windows-ix86+x86_64 0.2.1 522.00 110.00 632.00 NOTE
r-oldrel-macos-x86_64 0.2.1 NOTE
r-oldrel-windows-ix86+x86_64 0.2.1 531.00 133.00 664.00 NOTE

Check Details

Version: 0.2.1
Check: installed package size
Result: NOTE
     installed size is 47.8Mb
     sub-directories of 1Mb or more:
     libs 47.3Mb
Flavors: r-devel-linux-x86_64-fedora-clang, r-devel-windows-ix86+x86_64, r-release-macos-x86_64, r-release-windows-ix86+x86_64, r-oldrel-macos-x86_64, r-oldrel-windows-ix86+x86_64