CRAN Package Check Results for Package freqdom

Last updated on 2021-09-21 20:50:59 CEST.

Flavor Version Tinstall Tcheck Ttotal Status Flags
r-devel-linux-x86_64-debian-clang 2.0.1 3.40 67.91 71.31 OK
r-devel-linux-x86_64-debian-gcc 2.0.1 2.70 47.38 50.08 OK
r-devel-linux-x86_64-fedora-clang 2.0.1 87.35 OK
r-devel-linux-x86_64-fedora-gcc 2.0.1 77.23 OK
r-devel-windows-x86_64 2.0.1 5.00 62.00 67.00 OK
r-devel-windows-x86_64-gcc10-UCRT 2.0.1 ERROR
r-patched-linux-x86_64 2.0.1 3.26 62.77 66.03 OK
r-patched-solaris-x86 2.0.1 97.90 OK
r-release-linux-x86_64 2.0.1 3.24 62.12 65.36 OK
r-release-macos-arm64 2.0.1 OK
r-release-macos-x86_64 2.0.1 OK
r-release-windows-ix86+x86_64 2.0.1 7.00 60.00 67.00 OK
r-oldrel-macos-x86_64 2.0.1 OK
r-oldrel-windows-ix86+x86_64 2.0.1 8.00 64.00 72.00 OK

Check Details

Version: 2.0.1
Check: whether package can be installed
Result: WARN
    Found the following significant warnings:
     WARNING: installation-time patches will not be applied, could not get the patches index
Flavor: r-devel-windows-x86_64-gcc10-UCRT

Version: 2.0.1
Check: PDF version of manual
Result: WARN
    LaTeX errors when creating PDF version.
    This typically indicates Rd problems.
Flavor: r-devel-windows-x86_64-gcc10-UCRT

Version: 2.0.1
Check: PDF version of manual without hyperrefs or index
Result: ERROR
    Re-running with no redirection of stdout/stderr.
Flavor: r-devel-windows-x86_64-gcc10-UCRT