CRAN Package Check Results for Package freqdom.fda

Last updated on 2024-02-21 19:53:14 CET.

Flavor Version Tinstall Tcheck Ttotal Status Flags
r-devel-linux-x86_64-debian-clang 1.0.1 OK
r-devel-linux-x86_64-debian-gcc 1.0.1 8.50 123.53 132.03 OK
r-devel-linux-x86_64-fedora-clang 1.0.1 210.34 OK
r-devel-linux-x86_64-fedora-gcc 1.0.1 213.63 OK
r-devel-windows-x86_64 1.0.1 10.00 138.00 148.00 OK
r-patched-linux-x86_64 1.0.1 15.89 160.68 176.57 OK
r-release-linux-x86_64 1.0.1 6.96 158.25 165.21 OK
r-release-macos-arm64 1.0.1 75.00 OK
r-release-macos-x86_64 1.0.1 111.00 NOTE
r-release-windows-x86_64 1.0.1 12.00 164.00 176.00 OK
r-oldrel-macos-arm64 1.0.1 46.00 OK
r-oldrel-windows-x86_64 1.0.1 12.00 163.00 175.00 OK

Check Details

Version: 1.0.1
Check: package dependencies
Result: NOTE Package suggested but not available for checking: ‘MARSS’ Flavor: r-release-macos-x86_64