CRAN Package Check Results for Package freegroup

Last updated on 2021-09-23 08:50:59 CEST.

Flavor Version Tinstall Tcheck Ttotal Status Flags
r-devel-linux-x86_64-debian-clang 1.1-0 3.73 67.87 71.60 OK
r-devel-linux-x86_64-debian-gcc 1.1-0 2.59 49.37 51.96 OK
r-devel-linux-x86_64-fedora-clang 1.1-0 89.48 OK
r-devel-linux-x86_64-fedora-gcc 1.1-0 78.61 OK
r-devel-windows-x86_64 1.1-0 4.00 69.00 73.00 OK
r-devel-windows-x86_64-gcc10-UCRT 1.1-0 ERROR
r-patched-linux-x86_64 1.1-0 3.59 63.40 66.99 OK
r-patched-solaris-x86 1.1-0 102.80 OK
r-release-linux-x86_64 1.1-0 3.88 62.06 65.94 OK
r-release-macos-arm64 1.1-0 OK
r-release-macos-x86_64 1.1-0 OK
r-release-windows-ix86+x86_64 1.1-0 8.00 69.00 77.00 OK
r-oldrel-macos-x86_64 1.1-0 OK
r-oldrel-windows-ix86+x86_64 1.1-0 6.00 70.00 76.00 OK

Check Details

Version: 1.1-0
Check: PDF version of manual
Result: WARN
    LaTeX errors when creating PDF version.
    This typically indicates Rd problems.
Flavor: r-devel-windows-x86_64-gcc10-UCRT

Version: 1.1-0
Check: PDF version of manual without hyperrefs or index
Result: ERROR
    Re-running with no redirection of stdout/stderr.
Flavor: r-devel-windows-x86_64-gcc10-UCRT