CRAN Package Check Results for Package frailtyEM

Last updated on 2024-02-29 07:52:35 CET.

Flavor Version Tinstall Tcheck Ttotal Status Flags
r-devel-linux-x86_64-debian-clang 1.0.1 42.27 144.94 187.21 NOTE
r-devel-linux-x86_64-debian-gcc 1.0.1 32.06 108.52 140.58 NOTE
r-devel-linux-x86_64-fedora-clang 1.0.1 253.34 NOTE
r-devel-linux-x86_64-fedora-gcc 1.0.1 243.48 NOTE
r-devel-windows-x86_64 1.0.1 34.00 161.00 195.00 NOTE
r-patched-linux-x86_64 1.0.1 35.69 141.49 177.18 NOTE
r-release-linux-x86_64 1.0.1 40.64 140.38 181.02 NOTE
r-release-macos-arm64 1.0.1 78.00 NOTE
r-release-macos-x86_64 1.0.1 122.00 NOTE
r-release-windows-x86_64 1.0.1 44.00 184.00 228.00 NOTE
r-oldrel-macos-arm64 1.0.1 65.00 NOTE
r-oldrel-windows-x86_64 1.0.1 39.00 176.00 215.00 NOTE

Check Details

Version: 1.0.1
Check: Rd files
Result: NOTE checkRd: (-1) emfrail_control.Rd:49: Lost braces in \itemize; meant \describe ? checkRd: (-1) emfrail_control.Rd:50: Lost braces in \itemize; meant \describe ? checkRd: (-1) emfrail_control.Rd:51: Lost braces in \itemize; meant \describe ? checkRd: (-1) emfrail_control.Rd:52: Lost braces in \itemize; meant \describe ? checkRd: (-1) emfrail_control.Rd:53-54: Lost braces in \itemize; meant \describe ? checkRd: (-1) emfrail_control.Rd:55-57: Lost braces in \itemize; meant \describe ? Flavors: r-devel-linux-x86_64-debian-clang, r-devel-linux-x86_64-debian-gcc, r-devel-linux-x86_64-fedora-clang, r-devel-linux-x86_64-fedora-gcc

Version: 1.0.1
Check: LazyData
Result: NOTE 'LazyData' is specified without a 'data' directory Flavors: r-devel-linux-x86_64-debian-clang, r-devel-linux-x86_64-debian-gcc, r-devel-linux-x86_64-fedora-clang, r-devel-linux-x86_64-fedora-gcc, r-devel-windows-x86_64, r-patched-linux-x86_64, r-release-linux-x86_64, r-release-macos-arm64, r-release-macos-x86_64, r-release-windows-x86_64, r-oldrel-macos-arm64, r-oldrel-windows-x86_64