CRAN Package Check Results for Package fractional

Last updated on 2019-08-21 10:47:27 CEST.

Flavor Version Tinstall Tcheck Ttotal Status Flags
r-devel-linux-x86_64-debian-clang 0.1.3 13.95 31.50 45.45 OK
r-devel-linux-x86_64-debian-gcc 0.1.3 10.57 24.97 35.54 OK
r-devel-linux-x86_64-fedora-clang 0.1.3 65.33 NOTE
r-devel-linux-x86_64-fedora-gcc 0.1.3 61.61 NOTE
r-devel-windows-ix86+x86_64 0.1.3 46.00 83.00 129.00 OK
r-patched-linux-x86_64 0.1.3 12.33 30.99 43.32 OK
r-patched-solaris-x86 0.1.3 78.10 OK
r-release-linux-x86_64 0.1.3 13.46 31.28 44.74 OK
r-release-windows-ix86+x86_64 0.1.3 29.00 60.00 89.00 OK
r-release-osx-x86_64 0.1.3 OK
r-oldrel-windows-ix86+x86_64 0.1.3 44.00 81.00 125.00 OK
r-oldrel-osx-x86_64 0.1.3 OK

Check Details

Version: 0.1.3
Check: compiled code
Result: NOTE
    File ‘fractional/libs/fractional.so’:
     Found no calls to: ‘R_registerRoutines’, ‘R_useDynamicSymbols’
    
    It is good practice to register native routines and to disable symbol
    search.
    
    See ‘Writing portable packages’ in the ‘Writing R Extensions’ manual.
Flavors: r-devel-linux-x86_64-fedora-clang, r-devel-linux-x86_64-fedora-gcc