CRAN Package Check Results for Package fractional

Last updated on 2019-12-09 08:55:02 CET.

Flavor Version Tinstall Tcheck Ttotal Status Flags
r-devel-linux-x86_64-debian-clang 0.1.3 18.75 32.40 51.15 OK
r-devel-linux-x86_64-debian-gcc 0.1.3 10.18 27.00 37.18 OK
r-devel-linux-x86_64-fedora-clang 0.1.3 66.59 NOTE
r-devel-linux-x86_64-fedora-gcc 0.1.3 63.77 NOTE
r-devel-windows-ix86+x86_64 0.1.3 41.00 90.00 131.00 OK
r-devel-windows-ix86+x86_64-gcc8 0.1.3 38.00 71.00 109.00 OK
r-patched-linux-x86_64 0.1.3 12.44 29.92 42.36 OK
r-patched-solaris-x86 0.1.3 77.60 OK
r-release-linux-x86_64 0.1.3 11.29 30.17 41.46 OK
r-release-windows-ix86+x86_64 0.1.3 47.00 64.00 111.00 OK
r-release-osx-x86_64 0.1.3 OK
r-oldrel-windows-ix86+x86_64 0.1.3 28.00 58.00 86.00 OK
r-oldrel-osx-x86_64 0.1.3 OK

Check Details

Version: 0.1.3
Check: compiled code
Result: NOTE
    File ‘fractional/libs/fractional.so’:
     Found no calls to: ‘R_registerRoutines’, ‘R_useDynamicSymbols’
    
    It is good practice to register native routines and to disable symbol
    search.
    
    See ‘Writing portable packages’ in the ‘Writing R Extensions’ manual.
Flavors: r-devel-linux-x86_64-fedora-clang, r-devel-linux-x86_64-fedora-gcc