CRAN Package Check Results for Package fptdApprox

Last updated on 2021-09-21 08:49:43 CEST.

Flavor Version Tinstall Tcheck Ttotal Status Flags
r-devel-linux-x86_64-debian-clang 2.2 5.94 49.12 55.06 OK
r-devel-linux-x86_64-debian-gcc 2.2 5.05 37.39 42.44 OK
r-devel-linux-x86_64-fedora-clang 2.2 77.18 OK
r-devel-linux-x86_64-fedora-gcc 2.2 65.39 OK
r-devel-windows-x86_64 2.2 7.00 45.00 52.00 OK
r-devel-windows-x86_64-gcc10-UCRT 2.2 ERROR
r-patched-linux-x86_64 2.2 7.42 48.29 55.71 OK
r-patched-solaris-x86 2.2 84.00 OK
r-release-linux-x86_64 2.2 6.47 47.89 54.36 OK
r-release-macos-arm64 2.2 OK
r-release-macos-x86_64 2.2 OK
r-release-windows-ix86+x86_64 2.2 12.00 43.00 55.00 OK
r-oldrel-macos-x86_64 2.2 OK
r-oldrel-windows-ix86+x86_64 2.2 8.00 45.00 53.00 OK

Check Details

Version: 2.2
Check: whether package can be installed
Result: WARN
    Found the following significant warnings:
     WARNING: installation-time patches will not be applied, could not get the patches index
Flavor: r-devel-windows-x86_64-gcc10-UCRT

Version: 2.2
Check: PDF version of manual
Result: WARN
    LaTeX errors when creating PDF version.
    This typically indicates Rd problems.
Flavor: r-devel-windows-x86_64-gcc10-UCRT

Version: 2.2
Check: PDF version of manual without hyperrefs or index
Result: ERROR
    Re-running with no redirection of stdout/stderr.
Flavor: r-devel-windows-x86_64-gcc10-UCRT