CRAN Package Check Results for Package fpow

Last updated on 2020-10-28 07:49:45 CET.

Flavor Version Tinstall Tcheck Ttotal Status Flags
r-devel-linux-x86_64-debian-clang 0.0-2 2.18 17.02 19.20 OK
r-devel-linux-x86_64-debian-gcc 0.0-2 1.68 13.44 15.12 OK
r-devel-linux-x86_64-fedora-clang 0.0-2 32.15 NOTE
r-devel-linux-x86_64-fedora-gcc 0.0-2 22.36 NOTE
r-devel-windows-ix86+x86_64 0.0-2 7.00 35.00 42.00 OK
r-patched-linux-x86_64 0.0-2 OK
r-patched-solaris-x86 0.0-2 35.20 OK
r-release-linux-x86_64 0.0-2 2.26 16.31 18.57 OK
r-release-macos-x86_64 0.0-2 OK
r-release-windows-ix86+x86_64 0.0-2 6.00 29.00 35.00 OK
r-oldrel-macos-x86_64 0.0-2 OK
r-oldrel-windows-ix86+x86_64 0.0-2 7.00 43.00 50.00 OK

Check Details

Version: 0.0-2
Check: compiled code
Result: NOTE
    File ‘fpow/libs/fpow.so’:
     Found no calls to: ‘R_registerRoutines’, ‘R_useDynamicSymbols’
    
    It is good practice to register native routines and to disable symbol
    search.
    
    See ‘Writing portable packages’ in the ‘Writing R Extensions’ manual.
Flavors: r-devel-linux-x86_64-fedora-clang, r-devel-linux-x86_64-fedora-gcc