CRAN Package Check Results for Package forge

Last updated on 2022-01-26 19:50:32 CET.

Flavor Version Tinstall Tcheck Ttotal Status Flags
r-devel-linux-x86_64-debian-clang 0.2.0 1.85 34.20 36.05 NOTE
r-devel-linux-x86_64-debian-gcc 0.2.0 1.93 26.86 28.79 NOTE
r-devel-linux-x86_64-fedora-clang 0.2.0 43.96 NOTE
r-devel-linux-x86_64-fedora-gcc 0.2.0 33.52 NOTE
r-devel-windows-x86_64-new-UL 0.2.0 19.00 58.00 77.00 NOTE
r-devel-windows-x86_64-new-TK 0.2.0 NOTE
r-patched-linux-x86_64 0.2.0 1.80 32.59 34.39 NOTE
r-release-linux-x86_64 0.2.0 2.07 32.30 34.37 NOTE
r-release-macos-arm64 0.2.0 NOTE
r-release-macos-x86_64 0.2.0 NOTE
r-release-windows-ix86+x86_64 0.2.0 5.00 41.00 46.00 NOTE
r-oldrel-macos-x86_64 0.2.0 OK
r-oldrel-windows-ix86+x86_64 0.2.0 5.00 40.00 45.00 OK

Check Details

Version: 0.2.0
Check: LazyData
Result: NOTE
     'LazyData' is specified without a 'data' directory
Flavors: r-devel-linux-x86_64-debian-clang, r-devel-linux-x86_64-debian-gcc, r-devel-linux-x86_64-fedora-clang, r-devel-linux-x86_64-fedora-gcc, r-devel-windows-x86_64-new-UL, r-devel-windows-x86_64-new-TK, r-patched-linux-x86_64, r-release-linux-x86_64, r-release-macos-arm64, r-release-macos-x86_64, r-release-windows-ix86+x86_64