CRAN Package Check Results for Package forestr

Last updated on 2024-02-26 19:50:08 CET.

Flavor Version Tinstall Tcheck Ttotal Status Flags
r-devel-linux-x86_64-debian-clang 2.0.2 4.82 1854.83 1859.65 ERROR
r-devel-linux-x86_64-debian-gcc 2.0.2 3.73 29.74 33.47 NOTE
r-devel-linux-x86_64-fedora-clang 2.0.2 54.00 NOTE
r-devel-linux-x86_64-fedora-gcc 2.0.2 53.90 NOTE
r-devel-windows-x86_64 2.0.2 5.00 57.00 62.00 OK
r-patched-linux-x86_64 2.0.2 3.30 37.87 41.17 OK
r-release-linux-x86_64 2.0.2 3.22 37.32 40.54 OK
r-release-macos-arm64 2.0.2 23.00 OK
r-release-macos-x86_64 2.0.2 32.00 OK
r-release-windows-x86_64 2.0.2 7.00 63.00 70.00 OK
r-oldrel-macos-arm64 2.0.2 22.00 NOTE
r-oldrel-windows-x86_64 2.0.2 7.00 64.00 71.00 OK

Check Details

Version: 2.0.2
Check: Rd files
Result: NOTE checkRd: (-1) process_pcl.Rd:28: Lost braces; missing escapes or markup? 28 | \item{pavd}{logical input to include Plant Area Volume Density Plot from {plot_pavd}, | ^ Flavors: r-devel-linux-x86_64-debian-clang, r-devel-linux-x86_64-debian-gcc, r-devel-linux-x86_64-fedora-clang

Version: 2.0.2
Check: examples
Result: ERROR Running examples in ‘forestr-Ex.R’ failed The error most likely occurred in: > base::assign(".ptime", proc.time(), pos = "CheckExEnv") > ### Name: write_summary_matrix_to_csv > ### Title: Writes csc metrics and output variables to .csv > ### Aliases: write_summary_matrix_to_csv > ### Keywords: matrix summary > > ### ** Examples > > ## Not run: > ##D write_summary_matrix_to_csv() > ## End(Not run) > > > > base::assign(".dptime", (proc.time() - get(".ptime", pos = "CheckExEnv")), pos = "CheckExEnv") > base::cat("write_summary_matrix_to_csv", base::get(".format_ptime", pos = 'CheckExEnv')(get(".dptime", pos = "CheckExEnv")), "\n", file=base::get(".ExTimings", pos = 'CheckExEnv'), append=TRUE, sep="\t") > ### * <FOOTER> > ### > cleanEx() > options(digits = 7L) > base::cat("Time elapsed: ", proc.time() - base::get("ptime", pos = 'CheckExEnv'),"\n") Time elapsed: 6.494 0.184 7.449 0 0 > grDevices::dev.off() null device 1 > ### > ### Local variables: *** > ### mode: outline-minor *** > ### outline-regexp: "\\(> \\)?### [*]+" *** > ### End: *** > quit('no') Assertion failure at kmp_runtime.cpp(6891): temp_reg_status_file_name. OMP: Error #13: Assertion failure at kmp_runtime.cpp(6891). OMP: Hint Please submit a bug report with this message, compile and run commands used, and machine configuration info including native compiler and operating system versions. Faster response will be obtained by including all program sources. For information on submitting this issue, please see https://github.com/llvm/llvm-project/issues/. Assertion failure at kmp_runtime.cpp(6891): temp_reg_status_file_name. OMP: Error #13: Assertion failure at kmp_runtime.cpp(6891). OMP: Hint Please submit a bug report with this message, compile and run commands used, and machine configuration info including native compiler and operating system versions. Faster response will be obtained by including all program sources. For information on submitting this issue, please see https://github.com/llvm/llvm-project/issues/. Killed Flavor: r-devel-linux-x86_64-debian-clang

Version: 2.0.2
Check: dependencies in R code
Result: NOTE Namespaces in Imports field not imported from: ‘tibble’ ‘viridis’ All declared Imports should be used. Flavors: r-devel-linux-x86_64-fedora-clang, r-devel-linux-x86_64-fedora-gcc, r-oldrel-macos-arm64