Last updated on 2023-02-01 07:53:02 CET.
Flavor | Version | Tinstall | Tcheck | Ttotal | Status | Flags |
---|---|---|---|---|---|---|
r-devel-linux-x86_64-debian-clang | 2.0.2 | 4.19 | 39.70 | 43.89 | OK | |
r-devel-linux-x86_64-debian-gcc | 2.0.2 | 3.54 | 30.27 | 33.81 | OK | |
r-devel-linux-x86_64-fedora-clang | 2.0.2 | 55.85 | NOTE | |||
r-devel-linux-x86_64-fedora-gcc | 2.0.2 | 51.99 | NOTE | |||
r-devel-windows-x86_64 | 2.0.2 | 39.00 | 83.00 | 122.00 | OK | |
r-patched-linux-x86_64 | 2.0.2 | 4.82 | 37.80 | 42.62 | OK | |
r-release-linux-x86_64 | 2.0.2 | 3.45 | 38.90 | 42.35 | OK | |
r-release-macos-arm64 | 2.0.2 | 22.00 | NOTE | |||
r-release-macos-x86_64 | 2.0.2 | 41.00 | NOTE | |||
r-release-windows-x86_64 | 2.0.2 | 38.00 | 78.00 | 116.00 | OK | |
r-oldrel-macos-arm64 | 2.0.2 | 27.00 | NOTE | |||
r-oldrel-macos-x86_64 | 2.0.2 | 30.00 | NOTE | |||
r-oldrel-windows-ix86+x86_64 | 2.0.2 | 9.00 | 66.00 | 75.00 | OK |
Version: 2.0.2
Check: dependencies in R code
Result: NOTE
Namespaces in Imports field not imported from:
‘tibble’ ‘viridis’
All declared Imports should be used.
Flavors: r-devel-linux-x86_64-fedora-clang, r-devel-linux-x86_64-fedora-gcc, r-release-macos-arm64, r-release-macos-x86_64, r-oldrel-macos-arm64, r-oldrel-macos-x86_64