CRAN Package Check Results for Package forestRK

Last updated on 2020-05-29 10:47:22 CEST.

Flavor Version Tinstall Tcheck Ttotal Status Flags
r-devel-linux-x86_64-debian-clang 0.0-5 9.89 122.89 132.78 OK
r-devel-linux-x86_64-debian-gcc 0.0-5 8.62 92.71 101.33 OK
r-devel-linux-x86_64-fedora-clang 0.0-5 157.02 NOTE
r-devel-linux-x86_64-fedora-gcc 0.0-5 154.57 NOTE
r-devel-windows-ix86+x86_64 0.0-5 39.00 181.00 220.00 OK
r-patched-linux-x86_64 0.0-5 10.55 120.52 131.07 OK
r-patched-solaris-x86 0.0-5 214.90 NOTE
r-release-linux-x86_64 0.0-5 10.13 122.13 132.26 OK
r-release-osx-x86_64 0.0-5 NOTE
r-release-windows-ix86+x86_64 0.0-5 24.00 181.00 205.00 OK
r-oldrel-osx-x86_64 0.0-5 NOTE
r-oldrel-windows-ix86+x86_64 0.0-5 23.00 128.00 151.00 OK

Check Details

Version: 0.0-5
Check: dependencies in R code
Result: NOTE
    Namespace in Imports field not imported from: ‘pkgKitten’
     All declared Imports should be used.
Flavors: r-devel-linux-x86_64-fedora-clang, r-devel-linux-x86_64-fedora-gcc, r-patched-solaris-x86, r-release-osx-x86_64, r-oldrel-osx-x86_64