CRAN Package Check Results for Package forestRK

Last updated on 2019-10-21 09:51:13 CEST.

Flavor Version Tinstall Tcheck Ttotal Status Flags
r-devel-linux-x86_64-debian-clang 0.0-5 9.18 109.18 118.36 OK
r-devel-linux-x86_64-debian-gcc 0.0-5 7.28 84.27 91.55 OK
r-devel-linux-x86_64-fedora-clang 0.0-5 139.67 NOTE
r-devel-linux-x86_64-fedora-gcc 0.0-5 134.61 NOTE
r-devel-windows-ix86+x86_64 0.0-5 22.00 117.00 139.00 OK
r-patched-linux-x86_64 0.0-5 8.70 104.90 113.60 OK
r-patched-solaris-x86 0.0-5 193.60 NOTE
r-release-linux-x86_64 0.0-5 9.20 106.86 116.06 OK
r-release-windows-ix86+x86_64 0.0-5 28.00 169.00 197.00 OK
r-release-osx-x86_64 0.0-5 NOTE
r-oldrel-osx-x86_64 0.0-5 ERROR

Check Details

Version: 0.0-5
Check: dependencies in R code
Result: NOTE
    Namespace in Imports field not imported from: ‘pkgKitten’
     All declared Imports should be used.
Flavors: r-devel-linux-x86_64-fedora-clang, r-devel-linux-x86_64-fedora-gcc, r-patched-solaris-x86, r-release-osx-x86_64

Version: 0.0-5
Check: whether package can be installed
Result: ERROR
    Installation failed.
Flavor: r-oldrel-osx-x86_64