CRAN Package Check Results for Package foreign

Last updated on 2020-05-29 10:47:22 CEST.

Flavor Version Tinstall Tcheck Ttotal Status Flags
r-devel-linux-x86_64-debian-clang 0.8-80 9.53 32.89 42.42 OK
r-devel-linux-x86_64-debian-gcc 0.8-80 6.92 25.86 32.78 OK
r-devel-linux-x86_64-fedora-clang 0.8-80 64.60 OK
r-devel-linux-x86_64-fedora-gcc 0.8-80 55.06 OK
r-devel-windows-ix86+x86_64 0.8-79 45.00 83.00 128.00 OK
r-patched-linux-x86_64 0.8-80 5.95 33.51 39.46 OK
r-patched-solaris-x86 0.8-80 OK
r-release-linux-x86_64 0.8-80 8.67 32.96 41.63 OK
r-release-osx-x86_64 0.8-80 OK
r-release-windows-ix86+x86_64 0.8-80 29.00 76.00 105.00 OK
r-oldrel-osx-x86_64 0.8-80 ERROR
r-oldrel-windows-ix86+x86_64 0.8-76 44.00 87.00 131.00 OK

Check Details

Version: 0.8-80
Check: whether package can be installed
Result: ERROR
    Installation failed.
Flavor: r-oldrel-osx-x86_64