Last updated on 2025-06-23 11:51:34 CEST.
Flavor | Version | Tinstall | Tcheck | Ttotal | Status | Flags |
---|---|---|---|---|---|---|
r-devel-linux-x86_64-debian-clang | 8.24.0 | 85.53 | 324.11 | 409.64 | OK | |
r-devel-linux-x86_64-debian-gcc | 8.24.0 | 62.09 | 204.13 | 266.22 | OK | |
r-devel-linux-x86_64-fedora-clang | 8.24.0 | 697.95 | OK | |||
r-devel-linux-x86_64-fedora-gcc | 8.24.0 | 671.56 | OK | |||
r-devel-windows-x86_64 | 8.24.0 | 104.00 | 362.00 | 466.00 | OK | |
r-patched-linux-x86_64 | 8.24.0 | 86.61 | 302.66 | 389.27 | OK | |
r-release-linux-x86_64 | 8.24.0 | 88.90 | 302.01 | 390.91 | OK | |
r-release-macos-arm64 | 8.24.0 | 165.00 | OK | |||
r-release-macos-x86_64 | 8.24.0 | 445.00 | OK | |||
r-release-windows-x86_64 | 8.24.0 | 100.00 | 360.00 | 460.00 | OK | |
r-oldrel-macos-arm64 | 8.24.0 | 165.00 | NOTE | |||
r-oldrel-macos-x86_64 | 8.24.0 | 421.00 | NOTE | |||
r-oldrel-windows-x86_64 | 8.24.0 | 124.00 | 462.00 | 586.00 | OK |
Version: 8.24.0
Check: installed package size
Result: NOTE
installed size is 5.1Mb
sub-directories of 1Mb or more:
libs 3.5Mb
Flavors: r-oldrel-macos-arm64, r-oldrel-macos-x86_64