CRAN Package Check Results for Package foreach

Last updated on 2022-11-29 19:06:45 CET.

Flavor Version Tinstall Tcheck Ttotal Status Flags
r-devel-linux-x86_64-debian-clang 1.5.2 3.38 57.08 60.46 OK
r-devel-linux-x86_64-debian-gcc 1.5.2 2.32 43.44 45.76 OK
r-devel-linux-x86_64-fedora-clang 1.5.2 83.16 OK
r-devel-linux-x86_64-fedora-gcc 1.5.2 81.62 OK
r-devel-windows-x86_64 1.5.2 34.00 173.00 207.00 NOTE
r-patched-linux-x86_64 1.5.2 2.69 55.23 57.92 OK
r-release-linux-x86_64 1.5.2 3.24 54.50 57.74 OK
r-release-macos-arm64 1.5.2 103.00 OK
r-release-macos-x86_64 1.5.2 114.00 OK
r-release-windows-x86_64 1.5.2 32.00 168.00 200.00 NOTE
r-oldrel-macos-arm64 1.5.2 100.00 OK
r-oldrel-macos-x86_64 1.5.2 112.00 OK
r-oldrel-windows-ix86+x86_64 1.5.2 7.00 162.00 169.00 NOTE

Check Details

Version: 1.5.2
Check: package dependencies
Result: NOTE
    Package suggested but not available for checking: 'doMC'
Flavors: r-devel-windows-x86_64, r-release-windows-x86_64, r-oldrel-windows-ix86+x86_64