CRAN Package Check Results for Package focusedMDS

Last updated on 2023-09-23 20:53:04 CEST.

Flavor Version Tinstall Tcheck Ttotal Status Flags
r-devel-linux-x86_64-debian-clang 1.3.3 3.29 27.52 30.81 NOTE
r-devel-linux-x86_64-debian-gcc 1.3.3 2.62 21.89 24.51 NOTE
r-devel-linux-x86_64-fedora-clang 1.3.3 39.22 NOTE
r-devel-linux-x86_64-fedora-gcc 1.3.3 36.84 NOTE
r-devel-windows-x86_64 1.3.3 4.00 50.00 54.00 NOTE
r-patched-linux-x86_64 1.3.3 2.67 27.03 29.70 NOTE
r-release-linux-x86_64 1.3.3 2.34 27.01 29.35 NOTE
r-release-macos-arm64 1.3.3 19.00 NOTE
r-release-macos-x86_64 1.3.3 24.00 NOTE
r-release-windows-x86_64 1.3.3 5.00 43.00 48.00 NOTE
r-oldrel-macos-arm64 1.3.3 18.00 NOTE
r-oldrel-macos-x86_64 1.3.3 22.00 NOTE
r-oldrel-windows-x86_64 1.3.3 5.00 47.00 52.00 NOTE

Check Details

Version: 1.3.3
Check: LazyData
Result: NOTE
     'LazyData' is specified without a 'data' directory
Flavors: r-devel-linux-x86_64-debian-clang, r-devel-linux-x86_64-debian-gcc, r-devel-linux-x86_64-fedora-clang, r-devel-linux-x86_64-fedora-gcc, r-devel-windows-x86_64, r-patched-linux-x86_64, r-release-linux-x86_64, r-release-macos-arm64, r-release-macos-x86_64, r-release-windows-x86_64, r-oldrel-macos-arm64, r-oldrel-macos-x86_64, r-oldrel-windows-x86_64