CRAN Package Check Results for Package flextable

Last updated on 2020-07-05 21:47:37 CEST.

Flavor Version Tinstall Tcheck Ttotal Status Flags
r-devel-linux-x86_64-debian-clang 0.5.10 9.71 212.11 221.82 OK
r-devel-linux-x86_64-debian-gcc 0.5.10 8.29 195.08 203.37 OK
r-devel-linux-x86_64-fedora-clang 0.5.10 219.70 OK
r-devel-linux-x86_64-fedora-gcc 0.5.10 197.90 OK
r-devel-windows-ix86+x86_64 0.5.10 25.00 220.00 245.00 OK
r-patched-linux-x86_64 0.5.10 10.18 194.40 204.58 OK
r-patched-solaris-x86 0.5.10 213.00 OK
r-release-linux-x86_64 0.5.10 8.61 201.38 209.99 OK
r-release-osx-x86_64 0.5.10 WARN
r-release-windows-ix86+x86_64 0.5.10 18.00 176.00 194.00 OK
r-oldrel-osx-x86_64 0.5.10 OK
r-oldrel-windows-ix86+x86_64 0.5.10 24.00 225.00 249.00 OK

Check Details

Version: 0.5.10
Check: re-building of vignette outputs
Result: WARN
    Error(s) in re-building vignettes:
    --- re-building ‘display.Rmd’ using rmarkdown
    Could not fetch https://www.ardata.fr/img/illustrations/flextable_compose.svg
    HttpExceptionRequest Request {
     host = "www.ardata.fr"
     port = 443
     secure = True
     requestHeaders = []
     path = "/img/illustrations/flextable_compose.svg"
     queryString = ""
     method = "GET"
     proxy = Nothing
     rawBody = False
     redirectCount = 10
     responseTimeout = ResponseTimeoutDefault
     requestVersion = HTTP/1.1
    }
     (ConnectionFailure Network.Socket.getAddrInfo (called with preferred socket type/protocol: AddrInfo {addrFlags = [AI_ADDRCONFIG], addrFamily = AF_UNSPEC, addrSocketType = Stream, addrProtocol = 6, addrAddress = <assumed to be undefined>, addrCanonName = <assumed to be undefined>}, host name: Just "www.ardata.fr", service name: Just "443"): does not exist (nodename nor servname provided, or not known))
    Error: processing vignette 'display.Rmd' failed with diagnostics:
    pandoc document conversion failed with error 61
    --- failed re-building ‘display.Rmd’
    
    --- re-building ‘format.Rmd’ using rmarkdown
    --- finished re-building ‘format.Rmd’
    
    --- re-building ‘layout.Rmd’ using rmarkdown
    --- finished re-building ‘layout.Rmd’
    
    --- re-building ‘overview.Rmd’ using rmarkdown
    Could not fetch https://www.ardata.fr/img/illustrations/html5.svg
    HttpExceptionRequest Request {
     host = "www.ardata.fr"
     port = 443
     secure = True
     requestHeaders = []
     path = "/img/illustrations/html5.svg"
     queryString = ""
     method = "GET"
     proxy = Nothing
     rawBody = False
     redirectCount = 10
     responseTimeout = ResponseTimeoutDefault
     requestVersion = HTTP/1.1
    }
     (ConnectionFailure Network.Socket.getAddrInfo (called with preferred socket type/protocol: AddrInfo {addrFlags = [AI_ADDRCONFIG], addrFamily = AF_UNSPEC, addrSocketType = Stream, addrProtocol = 6, addrAddress = <assumed to be undefined>, addrCanonName = <assumed to be undefined>}, host name: Just "www.ardata.fr", service name: Just "443"): does not exist (nodename nor servname provided, or not known))
    Error: processing vignette 'overview.Rmd' failed with diagnostics:
    pandoc document conversion failed with error 61
    --- failed re-building ‘overview.Rmd’
    
    --- re-building ‘selectors.Rmd’ using rmarkdown
    --- finished re-building ‘selectors.Rmd’
    
    SUMMARY: processing the following files failed:
     ‘display.Rmd’ ‘overview.Rmd’
    
    Error: Vignette re-building failed.
    Execution halted
Flavor: r-release-osx-x86_64