CRAN Package Check Results for Package flexsurv

Last updated on 2021-09-22 20:49:36 CEST.

Flavor Version Tinstall Tcheck Ttotal Status Flags
r-devel-linux-x86_64-debian-clang 2.1 78.34 319.35 397.69 OK
r-devel-linux-x86_64-debian-gcc 2.1 48.17 235.86 284.03 OK
r-devel-linux-x86_64-fedora-clang 2.1 511.97 OK
r-devel-linux-x86_64-fedora-gcc 2.1 470.29 OK
r-devel-windows-x86_64 2.1 73.00 296.00 369.00 OK
r-devel-windows-x86_64-gcc10-UCRT 2.1 ERROR
r-patched-linux-x86_64 2.1 70.36 308.81 379.17 OK
r-patched-solaris-x86 2.1 562.80 OK
r-release-linux-x86_64 2.1 56.84 307.54 364.38 OK
r-release-macos-arm64 2.1 OK
r-release-macos-x86_64 2.1 OK
r-release-windows-ix86+x86_64 2.1 153.00 442.00 595.00 OK
r-oldrel-macos-x86_64 2.1 OK
r-oldrel-windows-ix86+x86_64 2.1 120.00 397.00 517.00 OK

Check Details

Version: 2.1
Check: whether package can be installed
Result: ERROR
    Installation failed.
Flavor: r-devel-windows-x86_64-gcc10-UCRT