CRAN Package Check Results for Package flattabler

Last updated on 2021-11-30 19:51:23 CET.

Flavor Version Tinstall Tcheck Ttotal Status Flags
r-devel-linux-x86_64-debian-clang 1.2.0 2.80 41.44 44.24 OK
r-devel-linux-x86_64-debian-gcc 1.2.0 2.65 32.21 34.86 OK
r-devel-linux-x86_64-fedora-clang 1.2.0 65.90 NOTE
r-devel-linux-x86_64-fedora-gcc 1.2.0 54.65 NOTE
r-devel-windows-x86_64-new-UL 1.2.0 15.00 96.00 111.00 OK
r-devel-windows-x86_64-new-TK 1.2.0 NOTE
r-devel-windows-x86_64-old 1.2.0 6.00 53.00 59.00 OK
r-patched-linux-x86_64 1.2.0 3.98 39.58 43.56 OK
r-patched-solaris-x86 1.2.0 73.40 NOTE
r-release-linux-x86_64 1.2.0 2.87 39.71 42.58 OK
r-release-macos-arm64 1.2.0 NOTE
r-release-macos-x86_64 1.2.0 NOTE
r-release-windows-ix86+x86_64 1.2.0 8.00 47.00 55.00 OK
r-oldrel-macos-x86_64 1.2.0 NOTE
r-oldrel-windows-ix86+x86_64 1.2.0 7.00 52.00 59.00 OK

Check Details

Version: 1.2.0
Check: dependencies in R code
Result: NOTE
    Namespace in Imports field not imported from: ‘tidyr’
     All declared Imports should be used.
Flavors: r-devel-linux-x86_64-fedora-clang, r-devel-linux-x86_64-fedora-gcc, r-devel-windows-x86_64-new-TK, r-patched-solaris-x86, r-release-macos-arm64, r-release-macos-x86_64, r-oldrel-macos-x86_64

Version: 1.2.0
Check: data for non-ASCII characters
Result: NOTE
     Note: found 82 marked UTF-8 strings
Flavors: r-devel-linux-x86_64-fedora-clang, r-devel-linux-x86_64-fedora-gcc, r-devel-windows-x86_64-new-TK, r-patched-solaris-x86, r-release-macos-arm64, r-release-macos-x86_64, r-oldrel-macos-x86_64