CRAN Package Check Results for Package flan

Last updated on 2021-12-07 19:49:44 CET.

Flavor Version Tinstall Tcheck Ttotal Status Flags
r-devel-linux-x86_64-debian-clang 0.9 83.38 74.55 157.93 OK
r-devel-linux-x86_64-debian-gcc 0.9 70.46 56.95 127.41 OK
r-devel-linux-x86_64-fedora-clang 0.9 238.16 NOTE
r-devel-linux-x86_64-fedora-gcc 0.9 224.23 OK
r-devel-windows-x86_64-new-UL 0.9 114.00 137.00 251.00 OK
r-devel-windows-x86_64-new-TK 0.9 OK
r-devel-windows-x86_64-old 0.9 120.00 101.00 221.00 OK
r-patched-linux-x86_64 0.9 86.30 72.87 159.17 OK
r-release-linux-x86_64 0.9 78.13 72.59 150.72 OK
r-release-macos-arm64 0.9 NOTE
r-release-macos-x86_64 0.9 NOTE
r-release-windows-ix86+x86_64 0.9 160.00 129.00 289.00 OK
r-oldrel-macos-x86_64 0.9 NOTE
r-oldrel-windows-ix86+x86_64 0.9 219.00 131.00 350.00 OK

Check Details

Version: 0.9
Check: installed package size
Result: NOTE
     installed size is 6.0Mb
     sub-directories of 1Mb or more:
     libs 5.7Mb
Flavors: r-devel-linux-x86_64-fedora-clang, r-release-macos-arm64, r-release-macos-x86_64, r-oldrel-macos-x86_64